CRAN Package Check Results for Package optBiomarker

Last updated on 2021-05-16 22:49:59 CEST.

Flavor Version Tinstall Tcheck Ttotal Status Flags
r-devel-linux-x86_64-debian-clang 1.0-28 11.73 93.72 105.45 OK
r-devel-linux-x86_64-debian-gcc 1.0-28 9.09 72.79 81.88 OK
r-devel-linux-x86_64-fedora-clang 1.0-28 136.18 OK
r-devel-linux-x86_64-fedora-gcc 1.0-28 125.68 OK
r-devel-windows-ix86+x86_64 1.0-28 30.00 81.00 111.00 OK
r-devel-windows-x86_64-gcc10-UCRT 1.0-28 OK
r-patched-linux-x86_64 1.0-28 11.77 91.28 103.05 OK
r-patched-solaris-x86 1.0-28 189.30 OK
r-release-linux-x86_64 1.0-28 12.28 88.44 100.72 OK
r-release-macos-x86_64 1.0-28 ERROR
r-release-windows-ix86+x86_64 1.0-28 20.00 83.00 103.00 OK
r-oldrel-macos-x86_64 1.0-28 ERROR
r-oldrel-windows-ix86+x86_64 1.0-28 15.00 93.00 108.00 OK

Check Details

Version: 1.0-28
Check: package dependencies
Result: ERROR
    Package required but not available: ‘rpanel’
    
    See section ‘The DESCRIPTION file’ in the ‘Writing R Extensions’
    manual.
Flavors: r-release-macos-x86_64, r-oldrel-macos-x86_64