CRAN Package Check Results for Package optiRum

Last updated on 2021-11-29 22:59:18 CET.

Flavor Version Tinstall Tcheck Ttotal Status Flags
r-devel-linux-x86_64-debian-clang 0.40.1 6.22 75.22 81.44 NOTE
r-devel-linux-x86_64-debian-gcc 0.40.1 5.02 56.56 61.58 NOTE
r-devel-linux-x86_64-fedora-clang 0.40.1 106.38 NOTE
r-devel-linux-x86_64-fedora-gcc 0.40.1 97.02 NOTE
r-devel-windows-x86_64-new-UL 0.40.1 17.00 128.00 145.00 NOTE
r-devel-windows-x86_64-new-TK 0.40.1 NOTE
r-devel-windows-x86_64-old 0.40.1 12.00 80.00 92.00 NOTE
r-patched-linux-x86_64 0.40.1 6.30 69.14 75.44 NOTE
r-patched-solaris-x86 0.40.1 134.30 NOTE
r-release-linux-x86_64 0.40.1 6.92 69.20 76.12 NOTE
r-release-macos-arm64 0.40.1 NOTE
r-release-macos-x86_64 0.40.1 NOTE
r-release-windows-ix86+x86_64 0.40.1 18.00 73.00 91.00 NOTE
r-oldrel-macos-x86_64 0.40.1 OK
r-oldrel-windows-ix86+x86_64 0.40.1 13.00 86.00 99.00 OK

Check Details

Version: 0.40.1
Check: LazyData
Result: NOTE
     'LazyData' is specified without a 'data' directory
Flavors: r-devel-linux-x86_64-debian-clang, r-devel-linux-x86_64-debian-gcc, r-devel-linux-x86_64-fedora-clang, r-devel-linux-x86_64-fedora-gcc, r-devel-windows-x86_64-new-UL, r-devel-windows-x86_64-new-TK, r-devel-windows-x86_64-old, r-patched-linux-x86_64, r-patched-solaris-x86, r-release-linux-x86_64, r-release-macos-arm64, r-release-macos-x86_64, r-release-windows-ix86+x86_64