Last updated on 2023-09-26 23:04:20 CEST.
Flavor | Version | Tinstall | Tcheck | Ttotal | Status | Flags |
---|---|---|---|---|---|---|
r-devel-linux-x86_64-debian-clang | 2.0.7 | 191.32 | 291.46 | 482.78 | OK | |
r-devel-linux-x86_64-debian-gcc | 2.0.7 | 131.42 | 216.85 | 348.27 | OK | |
r-devel-linux-x86_64-fedora-clang | 2.0.7 | 655.39 | OK | |||
r-devel-linux-x86_64-fedora-gcc | 2.0.7 | 675.05 | OK | |||
r-devel-windows-x86_64 | 2.0.7 | 144.00 | 252.00 | 396.00 | OK | |
r-patched-linux-x86_64 | 2.0.7 | 128.63 | 274.28 | 402.91 | OK | |
r-release-linux-x86_64 | 2.0.7 | 134.57 | 275.54 | 410.11 | OK | |
r-release-macos-arm64 | 2.0.7 | 166.00 | NOTE | |||
r-release-macos-x86_64 | 2.0.7 | 315.00 | NOTE | |||
r-release-windows-x86_64 | 2.0.7 | 186.00 | 309.00 | 495.00 | OK | |
r-oldrel-macos-arm64 | 2.0.7 | 147.00 | NOTE | |||
r-oldrel-macos-x86_64 | 2.0.7 | 201.00 | NOTE | |||
r-oldrel-windows-x86_64 | 2.0.7 | 179.00 | 298.00 | 477.00 | OK |
Version: 2.0.7
Check: installed package size
Result: NOTE
installed size is 6.1Mb
sub-directories of 1Mb or more:
extdata 1.8Mb
libs 3.2Mb
Flavors: r-release-macos-arm64, r-release-macos-x86_64, r-oldrel-macos-arm64, r-oldrel-macos-x86_64