CRAN Package Check Results for Package optiSel

Last updated on 2019-07-22 22:48:06 CEST.

Flavor Version Tinstall Tcheck Ttotal Status Flags
r-devel-linux-x86_64-debian-clang 2.0.2 146.13 250.16 396.29 OK
r-devel-linux-x86_64-debian-gcc 2.0.2 114.02 198.59 312.61 OK
r-devel-linux-x86_64-fedora-clang 2.0.2 526.56 NOTE
r-devel-linux-x86_64-fedora-gcc 2.0.2 507.95 OK
r-devel-windows-ix86+x86_64 2.0.2 329.00 463.00 792.00 OK
r-patched-linux-x86_64 2.0.2 135.85 239.92 375.77 OK
r-patched-solaris-x86 2.0.2 685.30 OK
r-release-linux-x86_64 2.0.2 143.24 241.76 385.00 OK
r-release-windows-ix86+x86_64 2.0.2 317.00 360.00 677.00 OK
r-release-osx-x86_64 2.0.2 WARN
r-oldrel-windows-ix86+x86_64 2.0.2 423.00 442.00 865.00 OK
r-oldrel-osx-x86_64 2.0.2 WARN

Check Details

Version: 2.0.2
Check: installed package size
Result: NOTE
     installed size is 6.0Mb
     sub-directories of 1Mb or more:
     extdata 1.8Mb
     libs 3.1Mb
Flavors: r-devel-linux-x86_64-fedora-clang, r-release-osx-x86_64, r-oldrel-osx-x86_64

Version: 2.0.2
Check: whether package can be installed
Result: WARN
    Found the following significant warnings:
     Warning: 'rgl_init' failed, running with rgl.useNULL = TRUE
Flavors: r-release-osx-x86_64, r-oldrel-osx-x86_64