Last updated on 2023-09-28 23:08:53 CEST.
Flavor | Version | Tinstall | Tcheck | Ttotal | Status | Flags |
---|---|---|---|---|---|---|
r-devel-linux-x86_64-debian-clang | 0.3.2 | 2.86 | 31.47 | 34.33 | OK | |
r-devel-linux-x86_64-debian-gcc | 0.3.2 | 2.12 | 24.38 | 26.50 | OK | |
r-devel-linux-x86_64-fedora-clang | 0.3.3 | 39.57 | NOTE | |||
r-devel-linux-x86_64-fedora-gcc | 0.3.3 | 38.76 | OK | |||
r-devel-windows-x86_64 | 0.3.2 | 4.00 | 51.00 | 55.00 | OK | |
r-patched-linux-x86_64 | 0.3.2 | 2.72 | 30.26 | 32.98 | OK | |
r-release-linux-x86_64 | 0.3.3 | 2.79 | 27.64 | 30.43 | OK | |
r-release-macos-arm64 | 0.3.3 | 30.00 | OK | |||
r-release-macos-x86_64 | 0.3.3 | 47.00 | OK | |||
r-release-windows-x86_64 | 0.3.3 | 12.00 | 47.00 | 59.00 | OK | |
r-oldrel-macos-arm64 | 0.3.3 | 38.00 | OK | |||
r-oldrel-macos-x86_64 | 0.3.2 | 51.00 | OK | |||
r-oldrel-windows-x86_64 | 0.3.2 | 5.00 | 52.00 | 57.00 | OK |
Version: 0.3.3
Check: Rd cross-references
Result: NOTE
Undeclared package ‘R.utils’ in Rd xrefs
Flavor: r-devel-linux-x86_64-fedora-clang