CRAN Package Check Results for Package optional

Last updated on 2021-11-29 22:59:18 CET.

Flavor Version Tinstall Tcheck Ttotal Status Flags
r-devel-linux-x86_64-debian-clang 2.0 1.64 24.28 25.92 NOTE
r-devel-linux-x86_64-debian-gcc 2.0 1.41 19.45 20.86 NOTE
r-devel-linux-x86_64-fedora-clang 2.0 43.29 OK
r-devel-linux-x86_64-fedora-gcc 2.0 32.77 OK
r-devel-windows-x86_64-new-UL 2.0 6.00 60.00 66.00 NOTE
r-devel-windows-x86_64-new-TK 2.0 OK
r-devel-windows-x86_64-old 2.0 4.00 33.00 37.00 NOTE
r-patched-linux-x86_64 2.0 1.84 23.21 25.05 NOTE
r-patched-solaris-x86 2.0 49.70 OK
r-release-linux-x86_64 2.0 1.61 23.38 24.99 NOTE
r-release-macos-arm64 2.0 OK
r-release-macos-x86_64 2.0 OK
r-release-windows-ix86+x86_64 2.0 5.00 31.00 36.00 NOTE
r-oldrel-macos-x86_64 2.0 OK
r-oldrel-windows-ix86+x86_64 2.0 4.00 46.00 50.00 NOTE

Check Details

Version: 2.0
Check: package vignettes
Result: NOTE
    Package vignette with placeholder title 'Vignette Title':
     'UserGuide.Rmd'
Flavors: r-devel-linux-x86_64-debian-clang, r-devel-linux-x86_64-debian-gcc, r-devel-windows-x86_64-new-UL, r-devel-windows-x86_64-old, r-patched-linux-x86_64, r-release-linux-x86_64, r-release-windows-ix86+x86_64, r-oldrel-windows-ix86+x86_64