Last updated on 2024-04-23 22:55:30 CEST.
Flavor | Version | Tinstall | Tcheck | Ttotal | Status | Flags |
---|---|---|---|---|---|---|
r-devel-linux-x86_64-debian-clang | 0.7.2 | 57.97 | 339.99 | 397.96 | OK | |
r-devel-linux-x86_64-debian-gcc | 0.7.2 | 49.81 | 246.70 | 296.51 | OK | |
r-devel-linux-x86_64-fedora-clang | 0.7.2 | 508.90 | NOTE | |||
r-devel-linux-x86_64-fedora-gcc | 0.7.2 | 526.13 | NOTE | |||
r-prerel-macos-arm64 | 0.7.2 | 119.00 | NOTE | |||
r-prerel-windows-x86_64 | 0.7.2 | 48.00 | 217.00 | 265.00 | NOTE | |
r-patched-linux-x86_64 | 0.7.2 | 45.41 | 321.94 | 367.35 | OK | |
r-release-linux-x86_64 | 0.7.2 | 43.66 | 333.27 | 376.93 | OK | |
r-release-macos-arm64 | 0.7.2 | 125.00 | NOTE | |||
r-release-macos-x86_64 | 0.7.2 | 265.00 | NOTE | |||
r-release-windows-x86_64 | 0.7.2 | 57.00 | 291.00 | 348.00 | NOTE | |
r-oldrel-macos-arm64 | 0.7.2 | 127.00 | NOTE | |||
r-oldrel-windows-x86_64 | 0.7.2 | 61.00 | 285.00 | 346.00 | NOTE |
Version: 0.7.2
Check: installed package size
Result: NOTE
installed size is 5.3Mb
sub-directories of 1Mb or more:
data 4.7Mb
Flavors: r-devel-linux-x86_64-fedora-clang, r-prerel-macos-arm64, r-prerel-windows-x86_64, r-release-macos-arm64, r-release-macos-x86_64, r-release-windows-x86_64, r-oldrel-macos-arm64, r-oldrel-windows-x86_64
Version: 0.7.2
Check: data for non-ASCII characters
Result: NOTE
Note: found 36 marked UTF-8 strings
Flavors: r-devel-linux-x86_64-fedora-clang, r-devel-linux-x86_64-fedora-gcc