Last updated on 2023-10-01 23:03:53 CEST.
Flavor | Version | Tinstall | Tcheck | Ttotal | Status | Flags |
---|---|---|---|---|---|---|
r-devel-linux-x86_64-debian-clang | 0.7.2 | 64.55 | 442.15 | 506.70 | OK | |
r-devel-linux-x86_64-debian-gcc | 0.7.2 | 54.40 | 322.13 | 376.53 | OK | |
r-devel-linux-x86_64-fedora-clang | 0.7.2 | 635.46 | NOTE | |||
r-devel-linux-x86_64-fedora-gcc | 0.7.2 | 649.39 | NOTE | |||
r-devel-windows-x86_64 | 0.7.2 | 60.00 | 302.00 | 362.00 | NOTE | |
r-patched-linux-x86_64 | 0.7.2 | 54.58 | 420.34 | 474.92 | OK | |
r-release-linux-x86_64 | 0.7.2 | 51.66 | 420.51 | 472.17 | OK | |
r-release-macos-arm64 | 0.7.2 | 125.00 | NOTE | |||
r-release-macos-x86_64 | 0.7.2 | 265.00 | NOTE | |||
r-release-windows-x86_64 | 0.7.2 | 74.00 | 387.00 | 461.00 | NOTE | |
r-oldrel-macos-arm64 | 0.7.2 | 127.00 | NOTE | |||
r-oldrel-macos-x86_64 | 0.7.2 | 169.00 | NOTE | |||
r-oldrel-windows-x86_64 | 0.7.2 | 75.00 | 386.00 | 461.00 | NOTE |
Version: 0.7.2
Check: installed package size
Result: NOTE
installed size is 5.3Mb
sub-directories of 1Mb or more:
data 4.7Mb
Flavors: r-devel-linux-x86_64-fedora-clang, r-devel-windows-x86_64, r-release-macos-arm64, r-release-macos-x86_64, r-release-windows-x86_64, r-oldrel-macos-arm64, r-oldrel-macos-x86_64, r-oldrel-windows-x86_64
Version: 0.7.2
Check: data for non-ASCII characters
Result: NOTE
Note: found 36 marked UTF-8 strings
Flavors: r-devel-linux-x86_64-fedora-clang, r-devel-linux-x86_64-fedora-gcc