CRAN Package Check Results for Package ordinal

Last updated on 2021-09-22 22:56:37 CEST.

Flavor Version Tinstall Tcheck Ttotal Status Flags
r-devel-linux-x86_64-debian-clang 2019.12-10 19.29 247.32 266.61 OK
r-devel-linux-x86_64-debian-gcc 2019.12-10 15.84 184.86 200.70 OK
r-devel-linux-x86_64-fedora-clang 2019.12-10 324.28 OK
r-devel-linux-x86_64-fedora-gcc 2019.12-10 314.60 OK
r-devel-windows-x86_64 2019.12-10 24.00 217.00 241.00 OK
r-devel-windows-x86_64-gcc10-UCRT 2019.12-10 ERROR
r-patched-linux-x86_64 2019.12-10 22.05 240.66 262.71 OK
r-patched-solaris-x86 2019.12-10 432.90 OK
r-release-linux-x86_64 2019.12-10 19.00 242.02 261.02 OK
r-release-macos-arm64 2019.12-10 OK
r-release-macos-x86_64 2019.12-10 OK
r-release-windows-ix86+x86_64 2019.12-10 40.00 336.00 376.00 OK
r-oldrel-macos-x86_64 2019.12-10 OK
r-oldrel-windows-ix86+x86_64 2019.12-10 29.00 330.00 359.00 OK

Check Details

Version: 2019.12-10
Check: whether package can be installed
Result: ERROR
    Installation failed.
Flavor: r-devel-windows-x86_64-gcc10-UCRT