CRAN Package Check Results for Package ordinalLBM

Last updated on 2021-11-27 22:57:04 CET.

Flavor Version Tinstall Tcheck Ttotal Status Flags
r-devel-linux-x86_64-debian-clang 1.0 OK
r-devel-linux-x86_64-debian-gcc 1.0 1.44 19.95 21.39 OK
r-devel-linux-x86_64-fedora-clang 1.0 45.87 NOTE
r-devel-linux-x86_64-fedora-gcc 1.0 34.72 NOTE
r-devel-windows-x86_64-new-UL 1.0 8.00 57.00 65.00 OK
r-devel-windows-x86_64-new-TK 1.0 NOTE
r-devel-windows-x86_64-old 1.0 3.00 43.00 46.00 OK
r-patched-linux-x86_64 1.0 2.52 24.68 27.20 OK
r-patched-solaris-x86 1.0 50.50 NOTE
r-release-linux-x86_64 1.0 OK
r-release-macos-arm64 1.0 NOTE
r-release-macos-x86_64 1.0 NOTE
r-release-windows-ix86+x86_64 1.0 6.00 32.00 38.00 OK
r-oldrel-macos-x86_64 1.0 NOTE
r-oldrel-windows-ix86+x86_64 1.0 5.00 42.00 47.00 OK

Check Details

Version: 1.0
Check: dependencies in R code
Result: NOTE
    Namespace in Imports field not imported from: ‘reshape2’
     All declared Imports should be used.
Flavors: r-devel-linux-x86_64-fedora-clang, r-devel-linux-x86_64-fedora-gcc, r-devel-windows-x86_64-new-TK, r-patched-solaris-x86, r-release-macos-arm64, r-release-macos-x86_64, r-oldrel-macos-x86_64