CRAN Package Check Results for Package ores

Last updated on 2021-11-28 22:51:22 CET.

Flavor Version Tinstall Tcheck Ttotal Status Flags
r-devel-linux-x86_64-debian-clang 0.3.2 NOTE
r-devel-linux-x86_64-debian-gcc 0.3.2 1.65 19.17 20.82 NOTE
r-devel-linux-x86_64-fedora-clang 0.3.2 42.62 NOTE
r-devel-linux-x86_64-fedora-gcc 0.3.2 32.11 NOTE
r-devel-windows-x86_64-new-UL 0.3.2 6.00 61.00 67.00 NOTE
r-devel-windows-x86_64-new-TK 0.3.2 NOTE
r-devel-windows-x86_64-old 0.3.2 3.00 46.00 49.00 NOTE
r-patched-linux-x86_64 0.3.2 2.16 22.69 24.85 NOTE
r-patched-solaris-x86 0.3.2 48.10 NOTE
r-release-linux-x86_64 0.3.2 2.03 22.65 24.68 NOTE
r-release-macos-arm64 0.3.2 NOTE
r-release-macos-x86_64 0.3.2 NOTE
r-release-windows-ix86+x86_64 0.3.2 5.00 32.00 37.00 NOTE
r-oldrel-macos-x86_64 0.3.2 OK
r-oldrel-windows-ix86+x86_64 0.3.2 4.00 41.00 45.00 OK

Check Details

Version: 0.3.2
Check: LazyData
Result: NOTE
     'LazyData' is specified without a 'data' directory
Flavors: r-devel-linux-x86_64-debian-clang, r-devel-linux-x86_64-debian-gcc, r-devel-linux-x86_64-fedora-clang, r-devel-linux-x86_64-fedora-gcc, r-devel-windows-x86_64-new-UL, r-devel-windows-x86_64-new-TK, r-devel-windows-x86_64-old, r-patched-linux-x86_64, r-patched-solaris-x86, r-release-linux-x86_64, r-release-macos-arm64, r-release-macos-x86_64, r-release-windows-ix86+x86_64