CRAN Package Check Results for Package origami

Last updated on 2021-08-04 22:55:25 CEST.

Flavor Version Tinstall Tcheck Ttotal Status Flags
r-devel-linux-x86_64-debian-clang 1.0.3 3.49 82.91 86.40 NOTE
r-devel-linux-x86_64-debian-gcc 1.0.3 2.85 58.48 61.33 NOTE
r-devel-linux-x86_64-fedora-clang 1.0.3 107.35 NOTE
r-devel-linux-x86_64-fedora-gcc 1.0.3 99.29 NOTE
r-devel-windows-x86_64 1.0.3 5.00 101.00 106.00 NOTE
r-devel-windows-x86_64-gcc10-UCRT 1.0.3 NOTE
r-patched-linux-x86_64 1.0.3 3.15 78.78 81.93 NOTE
r-patched-solaris-x86 1.0.3 148.50 NOTE
r-release-linux-x86_64 1.0.3 3.25 78.82 82.07 NOTE
r-release-macos-arm64 1.0.3 NOTE
r-release-macos-x86_64 1.0.3 NOTE
r-release-windows-ix86+x86_64 1.0.3 8.00 102.00 110.00 NOTE
r-oldrel-macos-x86_64 1.0.3 OK
r-oldrel-windows-ix86+x86_64 1.0.3 5.00 104.00 109.00 OK

Check Details

Version: 1.0.3
Check: LazyData
Result: NOTE
     'LazyData' is specified without a 'data' directory
Flavors: r-devel-linux-x86_64-debian-clang, r-devel-linux-x86_64-debian-gcc, r-devel-linux-x86_64-fedora-clang, r-devel-linux-x86_64-fedora-gcc, r-devel-windows-x86_64, r-devel-windows-x86_64-gcc10-UCRT, r-patched-linux-x86_64, r-patched-solaris-x86, r-release-linux-x86_64, r-release-macos-arm64, r-release-macos-x86_64, r-release-windows-ix86+x86_64

Version: 1.0.3
Check: Rd cross-references
Result: NOTE
    Undeclared package ‘glmnet’ in Rd xrefs
Flavor: r-devel-linux-x86_64-fedora-clang