CRAN Package Check Results for Package osmdata

Last updated on 2020-02-24 22:50:31 CET.

Flavor Version Tinstall Tcheck Ttotal Status Flags
r-devel-linux-x86_64-debian-clang 0.1.3 81.38 72.92 154.30 OK
r-devel-linux-x86_64-debian-gcc 0.1.3 61.22 56.52 117.74 OK
r-devel-linux-x86_64-fedora-clang 0.1.3 204.24 NOTE
r-devel-linux-x86_64-fedora-gcc 0.1.3 202.51 OK
r-devel-windows-ix86+x86_64 0.1.3 147.00 139.00 286.00 NOTE
r-devel-windows-ix86+x86_64-gcc8 0.1.3 199.00 198.00 397.00 NOTE
r-patched-linux-x86_64 0.1.3 68.53 64.82 133.35 OK
r-patched-solaris-x86 0.1.3 201.90 NOTE
r-release-linux-x86_64 0.1.3 67.18 65.61 132.79 OK
r-release-windows-ix86+x86_64 0.1.3 135.00 123.00 258.00 NOTE
r-release-osx-x86_64 0.1.3 NOTE
r-oldrel-windows-ix86+x86_64 0.1.3 143.00 128.00 271.00 NOTE
r-oldrel-osx-x86_64 0.1.3 NOTE

Check Details

Version: 0.1.3
Check: installed package size
Result: NOTE
     installed size is 11.5Mb
     sub-directories of 1Mb or more:
     doc 3.6Mb
     libs 6.9Mb
Flavors: r-devel-linux-x86_64-fedora-clang, r-devel-windows-ix86+x86_64, r-devel-windows-ix86+x86_64-gcc8, r-patched-solaris-x86, r-release-windows-ix86+x86_64, r-release-osx-x86_64, r-oldrel-windows-ix86+x86_64, r-oldrel-osx-x86_64