CRAN Package Check Results for Package osmdata

Last updated on 2019-09-18 22:52:44 CEST.

Flavor Version Tinstall Tcheck Ttotal Status Flags
r-devel-linux-x86_64-debian-clang 0.1.1 69.33 64.01 133.34 OK
r-devel-linux-x86_64-debian-gcc 0.1.1 67.24 50.66 117.90 OK
r-devel-linux-x86_64-fedora-clang 0.1.1 204.30 NOTE
r-devel-linux-x86_64-fedora-gcc 0.1.1 205.24 OK
r-devel-windows-ix86+x86_64 0.1.1 198.00 170.00 368.00 NOTE
r-patched-linux-x86_64 0.1.1 64.78 62.63 127.41 OK
r-patched-solaris-x86 0.1.1 202.30 OK
r-release-linux-x86_64 0.1.1 65.94 63.46 129.40 OK
r-release-windows-ix86+x86_64 0.1.1 140.00 138.00 278.00 NOTE
r-release-osx-x86_64 0.1.1 NOTE
r-oldrel-windows-ix86+x86_64 0.1.1 140.00 114.00 254.00 NOTE
r-oldrel-osx-x86_64 0.1.1 NOTE

Check Details

Version: 0.1.1
Check: installed package size
Result: NOTE
     installed size is 10.9Mb
     sub-directories of 1Mb or more:
     doc 3.6Mb
     libs 6.9Mb
Flavors: r-devel-linux-x86_64-fedora-clang, r-devel-windows-ix86+x86_64, r-release-windows-ix86+x86_64, r-release-osx-x86_64, r-oldrel-windows-ix86+x86_64, r-oldrel-osx-x86_64