CRAN Package Check Results for Package osmdata

Last updated on 2024-02-22 21:51:47 CET.

Flavor Version Tinstall Tcheck Ttotal Status Flags
r-devel-linux-x86_64-debian-clang 0.2.5 OK
r-devel-linux-x86_64-debian-gcc 0.2.5 96.68 67.92 164.60 OK
r-devel-linux-x86_64-fedora-clang 0.2.5 300.03 NOTE
r-devel-linux-x86_64-fedora-gcc 0.2.5 325.05 OK
r-devel-windows-x86_64 0.2.5 88.00 107.00 195.00 NOTE
r-patched-linux-x86_64 0.2.5 129.92 87.08 217.00 OK
r-release-linux-x86_64 0.2.5 120.00 86.42 206.42 OK
r-release-macos-arm64 0.2.5 74.00 NOTE
r-release-macos-x86_64 0.2.5 93.00 NOTE
r-release-windows-x86_64 0.2.5 114.00 129.00 243.00 NOTE
r-oldrel-macos-arm64 0.2.5 70.00 NOTE
r-oldrel-windows-x86_64 0.2.5 104.00 124.00 228.00 NOTE

Check Details

Version: 0.2.5
Check: installed package size
Result: NOTE installed size is 6.1Mb sub-directories of 1Mb or more: doc 5.0Mb Flavors: r-devel-linux-x86_64-fedora-clang, r-devel-windows-x86_64, r-release-macos-arm64, r-release-macos-x86_64, r-release-windows-x86_64, r-oldrel-macos-arm64, r-oldrel-windows-x86_64