CRAN Package Check Results for Package osqp

Last updated on 2019-07-15 22:55:12 CEST.

Flavor Version Tinstall Tcheck Ttotal Status Flags
r-devel-linux-x86_64-debian-clang 0.5.0 30.56 54.81 85.37 OK
r-devel-linux-x86_64-debian-gcc 0.5.0 25.98 45.11 71.09 OK
r-devel-linux-x86_64-fedora-clang 0.5.0 119.39 OK
r-devel-linux-x86_64-fedora-gcc 0.5.0 114.49 WARN
r-devel-windows-ix86+x86_64 0.5.0 110.00 93.00 203.00 OK
r-patched-linux-x86_64 0.5.0 29.38 55.05 84.43 OK
r-patched-solaris-x86 0.5.0 6.80 ERROR
r-release-linux-x86_64 0.5.0 30.13 54.87 85.00 OK
r-release-windows-ix86+x86_64 0.5.0 80.00 128.00 208.00 OK
r-release-osx-x86_64 0.5.0 OK
r-oldrel-windows-ix86+x86_64 0.5.0 94.00 88.00 182.00 OK
r-oldrel-osx-x86_64 0.5.0 OK

Check Details

Version: 0.5.0
Check: whether package can be installed
Result: WARN
    Found the following significant warnings:
     ../osqp_sources//include/glob_opts.h:173:50: warning: ISO C does not support ‘__FUNCTION__’ predefined identifier [-Wpedantic]
Flavor: r-devel-linux-x86_64-fedora-gcc

Version: 0.5.0
Check: whether package can be installed
Result: ERROR
    Installation failed.
Flavor: r-patched-solaris-x86