Last updated on 2023-09-28 23:08:53 CEST.
Flavor | Version | Tinstall | Tcheck | Ttotal | Status | Flags |
---|---|---|---|---|---|---|
r-devel-linux-x86_64-debian-clang | 0.1.0 | 150.46 | 223.30 | 373.76 | ERROR | |
r-devel-linux-x86_64-debian-gcc | 0.1.0 | 114.05 | 186.08 | 300.13 | NOTE | |
r-devel-linux-x86_64-fedora-clang | 0.1.0 | 469.33 | NOTE | |||
r-devel-linux-x86_64-fedora-gcc | 0.1.0 | 500.75 | NOTE | |||
r-devel-windows-x86_64 | 0.1.0 | 116.00 | 172.00 | 288.00 | NOTE | |
r-patched-linux-x86_64 | 0.1.0 | 148.48 | 213.74 | 362.22 | NOTE | |
r-release-linux-x86_64 | 0.1.0 | 143.42 | 218.61 | 362.03 | NOTE | |
r-release-macos-arm64 | 0.1.0 | 135.00 | NOTE | |||
r-release-macos-x86_64 | 0.1.0 | 235.00 | NOTE | |||
r-release-windows-x86_64 | 0.1.0 | 150.00 | 214.00 | 364.00 | NOTE | |
r-oldrel-macos-arm64 | 0.1.0 | 127.00 | NOTE | |||
r-oldrel-macos-x86_64 | 0.1.0 | 146.00 | NOTE | |||
r-oldrel-windows-x86_64 | 0.1.0 | 141.00 | 196.00 | 337.00 | NOTE |
Version: 0.1.0
Check: C++ specification
Result: NOTE
Specified C++11: please drop specification unless essential
Flavors: r-devel-linux-x86_64-debian-clang, r-devel-linux-x86_64-debian-gcc, r-devel-linux-x86_64-fedora-clang, r-devel-linux-x86_64-fedora-gcc, r-devel-windows-x86_64, r-patched-linux-x86_64, r-release-linux-x86_64, r-release-macos-arm64, r-release-macos-x86_64, r-release-windows-x86_64
Version: 0.1.0
Check: for GNU extensions in Makefiles
Result: NOTE
GNU make is a SystemRequirements.
Flavors: r-devel-linux-x86_64-debian-clang, r-devel-linux-x86_64-debian-gcc, r-devel-linux-x86_64-fedora-clang, r-devel-linux-x86_64-fedora-gcc, r-devel-windows-x86_64, r-patched-linux-x86_64, r-release-linux-x86_64, r-release-macos-arm64, r-release-macos-x86_64, r-release-windows-x86_64, r-oldrel-macos-arm64, r-oldrel-macos-x86_64, r-oldrel-windows-x86_64
Version: 0.1.0
Check: tests
Result: ERROR
Running ‘testthat.R’ [50s/23s]
Running the tests in ‘tests/testthat.R’ failed.
Complete output:
> library(testthat)
> library(outerbase)
>
> test_check("outerbase")
OMP: Warning #96: Cannot form a team with 32 threads, using 3 instead.
OMP: Hint Consider unsetting KMP_DEVICE_THREAD_LIMIT (KMP_ALL_THREADS), KMP_TEAMS_THREAD_LIMIT, and OMP_THREAD_LIMIT (if any are set).
[ FAIL 1 | WARN 1 | SKIP 0 | PASS 63 ]
══ Failed tests ════════════════════════════════════════════════════════════════
── Failure ('test-obombasic.R:72:3'): basic test ───────────────────────────────
base mat agreement (`actual`) not equal to 0 (`expected`).
`actual`: 0.8
`expected`: 0.0
[ FAIL 1 | WARN 1 | SKIP 0 | PASS 63 ]
Error: Test failures
Execution halted
Flavor: r-devel-linux-x86_64-debian-clang
Version: 0.1.0
Check: installed package size
Result: NOTE
installed size is 16.9Mb
sub-directories of 1Mb or more:
libs 16.4Mb
Flavors: r-release-macos-arm64, r-release-macos-x86_64, r-oldrel-macos-arm64, r-oldrel-macos-x86_64