CRAN Package Check Results for Package pa

Last updated on 2021-11-27 22:57:04 CET.

Flavor Version Tinstall Tcheck Ttotal Status Flags
r-devel-linux-x86_64-debian-clang 1.2-1 NOTE
r-devel-linux-x86_64-debian-gcc 1.2-1 6.13 65.30 71.43 NOTE
r-devel-linux-x86_64-fedora-clang 1.2-1 124.13 NOTE
r-devel-linux-x86_64-fedora-gcc 1.2-1 111.49 NOTE
r-devel-windows-x86_64-new-UL 1.2-1 20.00 160.00 180.00 NOTE
r-devel-windows-x86_64-new-TK 1.2-1 NOTE
r-devel-windows-x86_64-old 1.2-1 12.00 126.00 138.00 NOTE
r-patched-linux-x86_64 1.2-1 7.60 79.95 87.55 NOTE
r-patched-solaris-x86 1.2-1 158.40 NOTE
r-release-linux-x86_64 1.2-1 NOTE
r-release-macos-arm64 1.2-1 NOTE
r-release-macos-x86_64 1.2-1 NOTE
r-release-windows-ix86+x86_64 1.2-1 19.00 88.00 107.00 NOTE
r-oldrel-macos-x86_64 1.2-1 NOTE
r-oldrel-windows-ix86+x86_64 1.2-1 32.00 117.00 149.00 NOTE

Check Details

Version: 1.2-1
Check: dependencies in R code
Result: NOTE
    Package in Depends field not imported from: 'grid'
     These packages need to be imported from (in the NAMESPACE file)
     for when this namespace is loaded but not attached.
Flavors: r-devel-linux-x86_64-debian-clang, r-devel-linux-x86_64-debian-gcc, r-devel-linux-x86_64-fedora-clang, r-devel-linux-x86_64-fedora-gcc, r-devel-windows-x86_64-new-UL, r-devel-windows-x86_64-new-TK, r-devel-windows-x86_64-old, r-patched-linux-x86_64, r-patched-solaris-x86, r-release-linux-x86_64, r-release-macos-arm64, r-release-macos-x86_64, r-release-windows-ix86+x86_64, r-oldrel-macos-x86_64, r-oldrel-windows-ix86+x86_64

Version: 1.2-1
Check: R code for possible problems
Result: NOTE
    .formula.make: no visible global function definition for 'formula'
    regress: no visible global function definition for 'lm'
    regress: no visible global function definition for 'model.matrix'
    Undefined global functions or variables:
     formula lm model.matrix
    Consider adding
     importFrom("stats", "formula", "lm", "model.matrix")
    to your NAMESPACE file.
Flavors: r-devel-linux-x86_64-debian-clang, r-devel-linux-x86_64-debian-gcc, r-devel-linux-x86_64-fedora-clang, r-devel-linux-x86_64-fedora-gcc, r-devel-windows-x86_64-new-UL, r-devel-windows-x86_64-new-TK, r-devel-windows-x86_64-old, r-patched-linux-x86_64, r-patched-solaris-x86, r-release-linux-x86_64, r-release-macos-arm64, r-release-macos-x86_64, r-release-windows-ix86+x86_64, r-oldrel-macos-x86_64, r-oldrel-windows-ix86+x86_64