CRAN Package Check Results for Package packager

Last updated on 2021-10-19 22:54:04 CEST.

Flavor Version Tinstall Tcheck Ttotal Status Flags
r-devel-linux-x86_64-debian-clang 1.13.0 6.06 262.86 268.92 OK
r-devel-linux-x86_64-debian-gcc 1.13.0 4.43 201.53 205.96 OK
r-devel-linux-x86_64-fedora-clang 1.13.0 342.92 NOTE
r-devel-linux-x86_64-fedora-gcc 1.13.0 321.80 NOTE
r-devel-windows-x86_64 1.13.0 11.00 521.00 532.00 OK
r-devel-windows-x86_64-gcc10-UCRT 1.13.0 WARN
r-patched-linux-x86_64 1.13.0 7.09 209.12 216.21 OK
r-patched-solaris-x86 1.13.0 398.90 OK
r-release-linux-x86_64 1.13.0 6.17 212.76 218.93 OK
r-release-macos-arm64 1.13.0 OK
r-release-macos-x86_64 1.13.0 OK
r-release-windows-ix86+x86_64 1.13.0 12.00 367.00 379.00 OK
r-oldrel-macos-x86_64 1.13.0 OK
r-oldrel-windows-ix86+x86_64 1.13.0 12.00 391.00 403.00 OK

Check Details

Version: 1.13.0
Check: for non-standard things in the check directory
Result: NOTE
    Found the following files/directories:
     ‘veryImportantPackage’
Flavors: r-devel-linux-x86_64-fedora-clang, r-devel-linux-x86_64-fedora-gcc

Version: 1.13.0
Check: dependencies in R code
Result: NOTE
    No Instance(s) Available.
Flavor: r-devel-windows-x86_64-gcc10-UCRT

Version: 1.13.0
Check: S3 generic/method consistency
Result: WARN
    No Instance(s) Available.
    
    
    See section 'Generic functions and methods' in the 'Writing R
    Extensions' manual.
Flavor: r-devel-windows-x86_64-gcc10-UCRT

Version: 1.13.0
Check: replacement functions
Result: WARN
    No Instance(s) Available.
    
    
    The argument of a replacement function which corresponds to the right
    hand side must be named 'value'.
Flavor: r-devel-windows-x86_64-gcc10-UCRT

Version: 1.13.0
Check: foreign function calls
Result: NOTE
    No Instance(s) Available.
    
    
    See chapter 'System and foreign language interfaces' in the 'Writing R
    Extensions' manual.
Flavor: r-devel-windows-x86_64-gcc10-UCRT

Version: 1.13.0
Check: R code for possible problems
Result: NOTE
    No Instance(s) Available.
Flavor: r-devel-windows-x86_64-gcc10-UCRT

Version: 1.13.0
Check: for missing documentation entries
Result: WARN
    No Instance(s) Available.
    
    
    All user-level objects in a package should have documentation entries.
    See chapter 'Writing R documentation files' in the 'Writing R
    Extensions' manual.
Flavor: r-devel-windows-x86_64-gcc10-UCRT

Version: 1.13.0
Check: for code/documentation mismatches
Result: WARN
    No Instance(s) Available.
    
    
    No Instance(s) Available.
    
    
    No Instance(s) Available.
Flavor: r-devel-windows-x86_64-gcc10-UCRT

Version: 1.13.0
Check: Rd \usage sections
Result: NOTE
    No Instance(s) Available.
    
    
    The \usage entries for S3 methods should use the \method markup and not
    their full name.
    See chapter 'Writing R documentation files' in the 'Writing R
    Extensions' manual.
Flavor: r-devel-windows-x86_64-gcc10-UCRT