CRAN Package Check Results for Package packager

Last updated on 2021-08-05 22:55:00 CEST.

Flavor Version Tinstall Tcheck Ttotal Status Flags
r-devel-linux-x86_64-debian-clang 1.13.0 5.08 226.63 231.71 OK
r-devel-linux-x86_64-debian-gcc 1.13.0 4.05 206.28 210.33 OK
r-devel-linux-x86_64-fedora-clang 1.13.0 289.87 OK
r-devel-linux-x86_64-fedora-gcc 1.13.0 331.28 NOTE
r-devel-windows-x86_64 1.12.0 9.00 346.00 355.00 OK
r-devel-windows-x86_64-gcc10-UCRT 1.13.0 ERROR
r-patched-linux-x86_64 1.12.0 5.57 201.38 206.95 OK
r-patched-solaris-x86 1.13.0 358.10 OK
r-release-linux-x86_64 1.13.0 4.89 216.20 221.09 OK
r-release-macos-arm64 1.12.0 OK
r-release-macos-x86_64 1.13.0 OK
r-release-windows-ix86+x86_64 1.13.0 8.00 302.00 310.00 OK
r-oldrel-macos-x86_64 1.13.0 OK
r-oldrel-windows-ix86+x86_64 1.12.0 17.00 352.00 369.00 OK

Check Details

Version: 1.13.0
Check: for non-standard things in the check directory
Result: NOTE
    Found the following files/directories:
     ‘veryImportantPackage’
Flavor: r-devel-linux-x86_64-fedora-gcc

Version: 1.13.0
Check: package dependencies
Result: ERROR
    Packages required but not available:
     'pkgbuild', 'pkgload', 'rcmdcheck', 'rhub'
    
    Packages suggested but not available for checking:
     'cleanr', 'devtools', 'document', 'lintr', 'rasciidoc', 'roxygen2',
     'testthat', 'usethis'
    
    VignetteBuilder package required for checking but not installed: 'rasciidoc'
    
    See section 'The DESCRIPTION file' in the 'Writing R Extensions'
    manual.
Flavor: r-devel-windows-x86_64-gcc10-UCRT