CRAN Package Check Results for Package packer

Last updated on 2021-07-22 22:52:12 CEST.

Flavor Version Tinstall Tcheck Ttotal Status Flags
r-devel-linux-x86_64-debian-clang 0.1.0 4.13 31.76 35.89 OK
r-devel-linux-x86_64-debian-gcc 0.1.0 2.91 24.42 27.33 OK
r-devel-linux-x86_64-fedora-clang 0.1.0 50.74 OK
r-devel-linux-x86_64-fedora-gcc 0.1.0 40.04 OK
r-devel-windows-x86_64 0.1.0 5.00 37.00 42.00 OK
r-devel-windows-x86_64-gcc10-UCRT 0.1.0 OK
r-patched-linux-x86_64 0.1.0 OK
r-patched-solaris-x86 0.1.0 59.40 OK
r-release-linux-x86_64 0.1.0 3.12 30.07 33.19 OK
r-release-macos-arm64 0.0.6 NOTE
r-release-macos-x86_64 0.1.0 OK
r-release-windows-ix86+x86_64 0.1.0 8.00 47.00 55.00 OK
r-oldrel-macos-x86_64 0.1.0 OK
r-oldrel-windows-ix86+x86_64 0.1.0 8.00 48.00 56.00 OK

Check Details

Version: 0.0.6
Check: LazyData
Result: NOTE
     'LazyData' is specified without a 'data' directory
Flavor: r-release-macos-arm64