Last updated on 2023-09-25 22:12:46 CEST.
Flavor | Version | Tinstall | Tcheck | Ttotal | Status | Flags |
---|---|---|---|---|---|---|
r-devel-linux-x86_64-debian-clang | 0.0.2 | 6.18 | 92.19 | 98.37 | NOTE | |
r-devel-linux-x86_64-debian-gcc | 0.0.2 | 5.36 | 69.15 | 74.51 | NOTE | |
r-devel-linux-x86_64-fedora-clang | 0.0.2 | 121.99 | NOTE | |||
r-devel-linux-x86_64-fedora-gcc | 0.0.2 | 131.30 | NOTE | |||
r-devel-windows-x86_64 | 0.0.2 | 9.00 | 86.00 | 95.00 | NOTE | |
r-patched-linux-x86_64 | 0.0.2 | 9.91 | 87.85 | 97.76 | NOTE | |
r-release-linux-x86_64 | 0.0.2 | 6.06 | 88.00 | 94.06 | NOTE | |
r-release-macos-arm64 | 0.0.2 | 46.00 | NOTE | |||
r-release-macos-x86_64 | 0.0.2 | 72.00 | NOTE | |||
r-release-windows-x86_64 | 0.0.2 | 9.00 | 98.00 | 107.00 | NOTE | |
r-oldrel-macos-arm64 | 0.0.2 | 34.00 | NOTE | |||
r-oldrel-macos-x86_64 | 0.0.2 | 68.00 | NOTE | |||
r-oldrel-windows-x86_64 | 0.0.2 | 9.00 | 102.00 | 111.00 | NOTE |
Version: 0.0.2
Check: LazyData
Result: NOTE
'LazyData' is specified without a 'data' directory
Flavors: r-devel-linux-x86_64-debian-clang, r-devel-linux-x86_64-debian-gcc, r-devel-linux-x86_64-fedora-clang, r-devel-linux-x86_64-fedora-gcc, r-devel-windows-x86_64, r-patched-linux-x86_64, r-release-linux-x86_64, r-release-macos-arm64, r-release-macos-x86_64, r-release-windows-x86_64, r-oldrel-macos-arm64, r-oldrel-macos-x86_64, r-oldrel-windows-x86_64