CRAN Package Check Results for Package pak

Last updated on 2024-03-03 22:58:58 CET.

Flavor Version Tinstall Tcheck Ttotal Status Flags
r-devel-linux-x86_64-debian-clang 0.7.1 178.70 54.33 233.03 OK
r-devel-linux-x86_64-debian-gcc 0.7.1 154.77 40.27 195.04 OK
r-devel-linux-x86_64-fedora-clang 0.7.1 308.15 NOTE
r-devel-linux-x86_64-fedora-gcc 0.7.1 352.82 OK
r-devel-windows-x86_64 0.7.1 375.00 67.00 442.00 NOTE
r-patched-linux-x86_64 0.7.1 187.90 52.00 239.90 WARN
r-release-linux-x86_64 0.7.1 176.94 52.34 229.28 OK
r-release-macos-arm64 0.7.1 118.00 NOTE
r-release-macos-x86_64 0.7.1 276.00 NOTE
r-release-windows-x86_64 0.7.1 449.00 75.00 524.00 NOTE
r-oldrel-macos-arm64 0.7.1 112.00 NOTE
r-oldrel-windows-x86_64 0.7.1 402.00 66.00 468.00 NOTE

Check Details

Version: 0.7.1
Check: installed package size
Result: NOTE installed size is 7.9Mb sub-directories of 1Mb or more: library 7.1Mb Flavors: r-devel-linux-x86_64-fedora-clang, r-devel-windows-x86_64, r-release-macos-arm64, r-release-macos-x86_64, r-release-windows-x86_64, r-oldrel-macos-arm64, r-oldrel-windows-x86_64

Version: 0.7.1
Check: whether package can be installed
Result: WARN Found the following significant warnings: Rd warning: pkg_deps.Rd:40: missing link ‘parse_pkg_refs’ Rd warning: pkg_download.Rd:53: missing link ‘parse_pkg_refs’ See ‘/home/hornik/tmp/R.check/r-patched-gcc/Work/PKGS/pak.Rcheck/00install.out’ for details. * used C compiler: ‘gcc-13 (Debian 13.2.0-13) 13.2.0’ Flavor: r-patched-linux-x86_64