CRAN Package Check Results for Package paleomorph

Last updated on 2025-01-18 22:49:00 CET.

Flavor Version Tinstall Tcheck Ttotal Status Flags
r-devel-linux-x86_64-debian-clang 0.1.4 2.43 31.63 34.06 OK
r-devel-linux-x86_64-debian-gcc 0.1.4 1.73 22.93 24.66 OK
r-devel-linux-x86_64-fedora-clang 0.1.4 56.15 OK
r-devel-linux-x86_64-fedora-gcc 0.1.4 56.80 OK
r-devel-windows-x86_64 0.1.4 5.00 53.00 58.00 OK
r-patched-linux-x86_64 0.1.4 2.18 30.05 32.23 NOTE
r-release-linux-x86_64 0.1.4 2.17 29.91 32.08 NOTE
r-release-macos-arm64 0.1.4 19.00 NOTE
r-release-macos-x86_64 0.1.4 25.00 NOTE
r-release-windows-x86_64 0.1.4 3.00 51.00 54.00 NOTE
r-oldrel-macos-arm64 0.1.4 20.00 NOTE
r-oldrel-macos-x86_64 0.1.4 29.00 NOTE
r-oldrel-windows-x86_64 0.1.4 3.00 57.00 60.00 NOTE

Check Details

Version: 0.1.4
Check: LazyData
Result: NOTE 'LazyData' is specified without a 'data' directory Flavors: r-patched-linux-x86_64, r-release-linux-x86_64, r-release-macos-arm64, r-release-macos-x86_64, r-release-windows-x86_64, r-oldrel-macos-arm64, r-oldrel-macos-x86_64, r-oldrel-windows-x86_64