CRAN Package Check Results for Package pander

Last updated on 2024-02-22 21:51:47 CET.

Flavor Version Tinstall Tcheck Ttotal Status Flags
r-devel-linux-x86_64-debian-clang 0.6.5 NOTE
r-devel-linux-x86_64-debian-gcc 0.6.5 28.36 70.36 98.72 NOTE
r-devel-linux-x86_64-fedora-clang 0.6.5 174.19 OK
r-devel-linux-x86_64-fedora-gcc 0.6.5 176.22 OK
r-devel-windows-x86_64 0.6.5 32.00 127.00 159.00 OK
r-patched-linux-x86_64 0.6.5 36.49 89.71 126.20 OK
r-release-linux-x86_64 0.6.5 37.90 91.28 129.18 OK
r-release-macos-arm64 0.6.5 60.00 OK
r-release-macos-x86_64 0.6.5 93.00 OK
r-release-windows-x86_64 0.6.5 29.00 147.00 176.00 OK
r-oldrel-macos-arm64 0.6.5 53.00 OK
r-oldrel-windows-x86_64 0.6.5 42.00 126.00 168.00 OK

Check Details

Version: 0.6.5
Check: Rd files
Result: NOTE checkRd: (-1) Pandoc.convert.Rd:42: Lost braces 42 | Calling John MacFarlane's great program to convert specified file (see \code{f} parameter below) or character vector {see \code{text} paramater} to other formats like \code{HTML}, \code{pdf}, \code{docx}, \code{odt} etc. | ^ Flavors: r-devel-linux-x86_64-debian-clang, r-devel-linux-x86_64-debian-gcc