CRAN Package Check Results for Package panelr

Last updated on 2019-12-09 22:51:18 CET.

Flavor Version Tinstall Tcheck Ttotal Status Flags
r-devel-linux-x86_64-debian-clang 0.7.1 16.38 220.41 236.79 OK
r-devel-linux-x86_64-debian-gcc 0.7.1 13.60 165.29 178.89 OK
r-devel-linux-x86_64-fedora-clang 0.7.1 285.00 OK
r-devel-linux-x86_64-fedora-gcc 0.7.1 265.34 OK
r-devel-windows-ix86+x86_64 0.7.1 27.00 294.00 321.00 OK
r-devel-windows-ix86+x86_64-gcc8 0.7.1 28.00 309.00 337.00 OK
r-patched-linux-x86_64 0.7.1 13.35 192.16 205.51 OK
r-patched-solaris-x86 0.7.1 337.80 OK
r-release-linux-x86_64 0.7.1 14.65 197.70 212.35 OK
r-release-windows-ix86+x86_64 0.7.1 24.00 202.00 226.00 OK
r-release-osx-x86_64 0.7.1 OK
r-oldrel-windows-ix86+x86_64 0.7.1 15.00 206.00 221.00 WARN
r-oldrel-osx-x86_64 0.7.1 WARN

Check Details

Version: 0.7.1
Check: for missing documentation entries
Result: WARN
    Undocumented code objects:
     'knit_print.summary.panel_data'
    All user-level objects in a package should have documentation entries.
    See chapter 'Writing R documentation files' in the 'Writing R
    Extensions' manual.
Flavors: r-oldrel-windows-ix86+x86_64, r-oldrel-osx-x86_64