Last updated on 2022-07-05 22:50:29 CEST.
Flavor | Version | Tinstall | Tcheck | Ttotal | Status | Flags |
---|---|---|---|---|---|---|
r-devel-linux-x86_64-debian-clang | 0.7.6 | 19.29 | 433.52 | 452.81 | OK | |
r-devel-linux-x86_64-debian-gcc | 0.7.6 | 14.02 | 319.57 | 333.59 | OK | |
r-devel-linux-x86_64-fedora-clang | 0.7.6 | 530.93 | NOTE | |||
r-devel-linux-x86_64-fedora-gcc | 0.7.6 | 532.73 | OK | |||
r-devel-windows-x86_64 | 0.7.6 | 40.00 | 461.00 | 501.00 | OK | |
r-patched-linux-x86_64 | 0.7.6 | 21.81 | 412.39 | 434.20 | OK | |
r-release-linux-x86_64 | 0.7.6 | 20.40 | 411.84 | 432.24 | OK | |
r-release-macos-arm64 | 0.7.6 | 122.00 | OK | |||
r-release-macos-x86_64 | 0.7.6 | 218.00 | OK | |||
r-release-windows-x86_64 | 0.7.6 | 56.00 | 458.00 | 514.00 | OK | |
r-oldrel-macos-arm64 | 0.7.6 | 102.00 | OK | |||
r-oldrel-macos-x86_64 | 0.7.6 | 169.00 | OK | |||
r-oldrel-windows-ix86+x86_64 | 0.7.6 | 40.00 | 485.00 | 525.00 | OK |
Version: 0.7.6
Check: Rd cross-references
Result: NOTE
Undeclared package ‘AER’ in Rd xrefs
Flavor: r-devel-linux-x86_64-fedora-clang