CRAN Package Check Results for Package panelvar

Last updated on 2019-11-18 22:47:18 CET.

Flavor Version Tinstall Tcheck Ttotal Status Flags
r-devel-linux-x86_64-debian-clang 0.5.2 13.53 91.55 105.08 OK
r-devel-linux-x86_64-debian-gcc 0.5.2 11.68 72.81 84.49 OK
r-devel-linux-x86_64-fedora-clang 0.5.2 119.87 NOTE
r-devel-linux-x86_64-fedora-gcc 0.5.2 132.47 NOTE
r-devel-windows-ix86+x86_64 0.5.2 38.00 104.00 142.00 OK
r-patched-linux-x86_64 0.5.2 11.37 83.89 95.26 OK
r-patched-solaris-x86 0.5.2 176.50 NOTE
r-release-linux-x86_64 0.5.2 10.63 84.11 94.74 OK
r-release-windows-ix86+x86_64 0.5.2 24.00 137.00 161.00 OK
r-release-osx-x86_64 0.5.2 NOTE
r-oldrel-windows-ix86+x86_64 0.5.2 15.00 94.00 109.00 OK
r-oldrel-osx-x86_64 0.5.2 NOTE

Check Details

Version: 0.5.2
Check: dependencies in R code
Result: NOTE
    Namespace in Imports field not imported from: ‘methods’
     All declared Imports should be used.
Flavors: r-devel-linux-x86_64-fedora-clang, r-devel-linux-x86_64-fedora-gcc, r-patched-solaris-x86, r-release-osx-x86_64, r-oldrel-osx-x86_64