CRAN Package Check Results for Package panelvar

Last updated on 2019-07-20 22:48:08 CEST.

Flavor Version Tinstall Tcheck Ttotal Status Flags
r-devel-linux-x86_64-debian-clang 0.5.2 12.46 87.07 99.53 OK
r-devel-linux-x86_64-debian-gcc 0.5.2 11.18 69.19 80.37 OK
r-devel-linux-x86_64-fedora-clang 0.5.2 119.68 NOTE
r-devel-linux-x86_64-fedora-gcc 0.5.2 113.80 NOTE
r-devel-windows-ix86+x86_64 0.5.2 22.00 131.00 153.00 OK
r-patched-linux-x86_64 0.5.2 12.77 86.38 99.15 OK
r-patched-solaris-x86 0.5.2 174.60 NOTE
r-release-linux-x86_64 0.5.2 13.11 85.20 98.31 OK
r-release-windows-ix86+x86_64 0.5.2 21.00 100.00 121.00 OK
r-release-osx-x86_64 0.5.2 NOTE
r-oldrel-windows-ix86+x86_64 0.5.2 23.00 131.00 154.00 OK
r-oldrel-osx-x86_64 0.5.2 NOTE

Check Details

Version: 0.5.2
Check: dependencies in R code
Result: NOTE
    Namespace in Imports field not imported from: ‘methods’
     All declared Imports should be used.
Flavors: r-devel-linux-x86_64-fedora-clang, r-devel-linux-x86_64-fedora-gcc, r-patched-solaris-x86, r-release-osx-x86_64, r-oldrel-osx-x86_64