Last updated on 2024-04-23 22:55:31 CEST.
Flavor | Version | Tinstall | Tcheck | Ttotal | Status | Flags |
---|---|---|---|---|---|---|
r-devel-linux-x86_64-debian-clang | 0.1.0 | 9.89 | 70.18 | 80.07 | NOTE | |
r-devel-linux-x86_64-debian-gcc | 0.1.0 | 6.96 | 52.29 | 59.25 | NOTE | |
r-devel-linux-x86_64-fedora-clang | 0.1.0 | 97.73 | NOTE | |||
r-devel-linux-x86_64-fedora-gcc | 0.1.0 | 93.09 | NOTE | |||
r-prerel-macos-arm64 | 0.1.0 | 30.00 | NOTE | |||
r-prerel-windows-x86_64 | 0.1.0 | 10.00 | 69.00 | 79.00 | NOTE | |
r-patched-linux-x86_64 | 0.1.0 | 10.94 | 68.31 | 79.25 | NOTE | |
r-release-linux-x86_64 | 0.1.0 | 5.35 | 68.25 | 73.60 | OK | |
r-release-macos-arm64 | 0.1.0 | 31.00 | OK | |||
r-release-macos-x86_64 | 0.1.0 | 45.00 | OK | |||
r-release-windows-x86_64 | 0.1.0 | 11.00 | 77.00 | 88.00 | OK | |
r-oldrel-macos-arm64 | 0.1.0 | 45.00 | NOTE | |||
r-oldrel-windows-x86_64 | 0.1.0 | 12.00 | 87.00 | 99.00 | OK |
Version: 0.1.0
Check: Rd files
Result: NOTE
checkRd: (-1) agreement.Rd:52: Lost braces in \itemize; meant \describe ?
checkRd: (-1) agreement.Rd:53-54: Lost braces in \itemize; meant \describe ?
checkRd: (-1) agreement.Rd:55: Lost braces in \itemize; meant \describe ?
checkRd: (-1) agreement.Rd:56: Lost braces in \itemize; meant \describe ?
checkRd: (-1) agreement.Rd:57: Lost braces in \itemize; meant \describe ?
checkRd: (-1) agreement.Rd:58: Lost braces in \itemize; meant \describe ?
checkRd: (-1) papciUI.Rd:33: Lost braces in \itemize; meant \describe ?
checkRd: (-1) papciUI.Rd:34-35: Lost braces in \itemize; meant \describe ?
checkRd: (-1) papciUI.Rd:36: Lost braces in \itemize; meant \describe ?
checkRd: (-1) papciUI.Rd:37: Lost braces in \itemize; meant \describe ?
checkRd: (-1) papciUI.Rd:38: Lost braces in \itemize; meant \describe ?
checkRd: (-1) papciUI.Rd:39: Lost braces in \itemize; meant \describe ?
Flavors: r-devel-linux-x86_64-debian-clang, r-devel-linux-x86_64-debian-gcc, r-devel-linux-x86_64-fedora-clang, r-devel-linux-x86_64-fedora-gcc, r-prerel-macos-arm64, r-prerel-windows-x86_64, r-patched-linux-x86_64
Version: 0.1.0
Check: dependencies in R code
Result: NOTE
Namespace in Imports field not imported from: ‘DT’
All declared Imports should be used.
Flavors: r-devel-linux-x86_64-fedora-clang, r-devel-linux-x86_64-fedora-gcc, r-oldrel-macos-arm64