Last updated on 2024-04-23 22:55:31 CEST.
Flavor | Version | Tinstall | Tcheck | Ttotal | Status | Flags |
---|---|---|---|---|---|---|
r-devel-linux-x86_64-debian-clang | 0.21.6 | 41.42 | 515.71 | 557.13 | NOTE | |
r-devel-linux-x86_64-debian-gcc | 0.21.6 | 24.38 | 349.44 | 373.82 | NOTE | |
r-devel-linux-x86_64-fedora-clang | 0.21.6 | 643.76 | NOTE | |||
r-devel-linux-x86_64-fedora-gcc | 0.21.6 | 637.63 | NOTE | |||
r-prerel-macos-arm64 | 0.21.6 | 137.00 | OK | |||
r-prerel-macos-x86_64 | 0.21.6 | 372.00 | OK | |||
r-prerel-windows-x86_64 | 0.21.6 | 30.00 | 307.00 | 337.00 | OK | |
r-patched-linux-x86_64 | 0.21.6 | 43.39 | 461.33 | 504.72 | NOTE | |
r-release-linux-x86_64 | 0.21.6 | 28.88 | 462.82 | 491.70 | NOTE | |
r-release-macos-arm64 | 0.21.6 | 141.00 | OK | |||
r-release-macos-x86_64 | 0.21.6 | 348.00 | OK | |||
r-release-windows-x86_64 | 0.21.6 | 41.00 | 384.00 | 425.00 | OK | |
r-oldrel-macos-arm64 | 0.21.6 | 128.00 | OK | |||
r-oldrel-windows-x86_64 | 0.21.6 | 40.00 | 365.00 | 405.00 | OK |
Version: 0.21.6
Check: package dependencies
Result: NOTE
Packages suggested but not available for checking: 'BayesFM', 'ivprobit'
Flavors: r-devel-linux-x86_64-debian-clang, r-devel-linux-x86_64-fedora-clang
Version: 0.21.6
Check: package dependencies
Result: NOTE
Package suggested but not available for checking: ‘ivprobit’
Flavors: r-devel-linux-x86_64-debian-gcc, r-devel-linux-x86_64-fedora-gcc
Version: 0.21.6
Check: package dependencies
Result: NOTE
Package suggested but not available for checking: ‘metaBMA’
Flavor: r-patched-linux-x86_64
Version: 0.21.6
Check: package dependencies
Result: NOTE
Packages suggested but not available for checking: 'ivprobit', 'metaBMA'
Flavor: r-release-linux-x86_64