Last updated on 2023-10-02 22:08:06 CEST.
Flavor | Version | Tinstall | Tcheck | Ttotal | Status | Flags |
---|---|---|---|---|---|---|
r-devel-linux-x86_64-debian-clang | 0.4.1 | 11.17 | 96.36 | 107.53 | OK | |
r-devel-linux-x86_64-debian-gcc | 0.4.1 | 8.72 | 71.75 | 80.47 | OK | |
r-devel-linux-x86_64-fedora-clang | 0.4.1 | 127.84 | NOTE | |||
r-devel-linux-x86_64-fedora-gcc | 0.4.1 | 136.36 | NOTE | |||
r-devel-windows-x86_64 | 0.4.1 | 11.00 | 88.00 | 99.00 | OK | |
r-patched-linux-x86_64 | 0.4.1 | 8.27 | 91.37 | 99.64 | OK | |
r-release-linux-x86_64 | 0.4.1 | 7.50 | 91.30 | 98.80 | OK | |
r-release-macos-arm64 | 0.4.1 | 45.00 | OK | |||
r-release-macos-x86_64 | 0.4.1 | 69.00 | OK | |||
r-release-windows-x86_64 | 0.4.1 | 18.00 | 98.00 | 116.00 | OK | |
r-oldrel-macos-arm64 | 0.4.1 | 28.00 | NOTE | |||
r-oldrel-macos-x86_64 | 0.4.1 | 71.00 | NOTE | |||
r-oldrel-windows-x86_64 | 0.4.1 | 14.00 | 102.00 | 116.00 | OK |
Version: 0.4.1
Check: data for non-ASCII characters
Result: NOTE
Note: found 16 marked UTF-8 strings
Flavors: r-devel-linux-x86_64-fedora-clang, r-devel-linux-x86_64-fedora-gcc, r-oldrel-macos-arm64, r-oldrel-macos-x86_64