CRAN Package Check Results for Package parmsurvfit

Last updated on 2019-09-18 22:52:44 CEST.

Flavor Version Tinstall Tcheck Ttotal Status Flags
r-devel-linux-x86_64-debian-clang 0.1.0 8.60 79.27 87.87 OK
r-devel-linux-x86_64-debian-gcc 0.1.0 7.55 62.31 69.86 OK
r-devel-linux-x86_64-fedora-clang 0.1.0 106.78 NOTE
r-devel-linux-x86_64-fedora-gcc 0.1.0 107.93 NOTE
r-devel-windows-ix86+x86_64 0.1.0 30.00 89.00 119.00 OK
r-patched-linux-x86_64 0.1.0 7.72 76.61 84.33 OK
r-patched-solaris-x86 0.1.0 159.70 NOTE
r-release-linux-x86_64 0.1.0 8.02 77.95 85.97 OK
r-release-windows-ix86+x86_64 0.1.0 20.00 124.00 144.00 OK
r-release-osx-x86_64 0.1.0 NOTE
r-oldrel-windows-ix86+x86_64 0.1.0 11.00 80.00 91.00 OK
r-oldrel-osx-x86_64 0.1.0 NOTE

Check Details

Version: 0.1.0
Check: dependencies in R code
Result: NOTE
    Namespace in Imports field not imported from: ‘flexsurv’
     All declared Imports should be used.
Flavors: r-devel-linux-x86_64-fedora-clang, r-devel-linux-x86_64-fedora-gcc, r-patched-solaris-x86, r-release-osx-x86_64, r-oldrel-osx-x86_64