CRAN Package Check Results for Package parmsurvfit

Last updated on 2021-11-27 22:57:05 CET.

Flavor Version Tinstall Tcheck Ttotal Status Flags
r-devel-linux-x86_64-debian-clang 0.1.0 OK
r-devel-linux-x86_64-debian-gcc 0.1.0 7.82 74.65 82.47 OK
r-devel-linux-x86_64-fedora-clang 0.1.0 140.35 NOTE
r-devel-linux-x86_64-fedora-gcc 0.1.0 126.81 NOTE
r-devel-windows-x86_64-new-UL 0.1.0 21.00 141.00 162.00 OK
r-devel-windows-x86_64-new-TK 0.1.0 NOTE
r-devel-windows-x86_64-old 0.1.0 14.00 135.00 149.00 OK
r-patched-linux-x86_64 0.1.0 11.30 90.95 102.25 OK
r-patched-solaris-x86 0.1.0 175.00 NOTE
r-release-linux-x86_64 0.1.0 OK
r-release-macos-arm64 0.1.0 NOTE
r-release-macos-x86_64 0.1.0 NOTE
r-release-windows-ix86+x86_64 0.1.0 25.00 82.00 107.00 OK
r-oldrel-macos-x86_64 0.1.0 NOTE
r-oldrel-windows-ix86+x86_64 0.1.0 24.00 128.00 152.00 OK

Check Details

Version: 0.1.0
Check: dependencies in R code
Result: NOTE
    Namespace in Imports field not imported from: ‘flexsurv’
     All declared Imports should be used.
Flavors: r-devel-linux-x86_64-fedora-clang, r-devel-linux-x86_64-fedora-gcc, r-devel-windows-x86_64-new-TK, r-patched-solaris-x86, r-release-macos-arm64, r-release-macos-x86_64, r-oldrel-macos-x86_64