CRAN Package Check Results for Package parmsurvfit

Last updated on 2021-05-06 22:55:29 CEST.

Flavor Version Tinstall Tcheck Ttotal Status Flags
r-devel-linux-x86_64-debian-clang 0.1.0 9.06 98.65 107.71 OK
r-devel-linux-x86_64-debian-gcc 0.1.0 7.07 73.02 80.09 OK
r-devel-linux-x86_64-fedora-clang 0.1.0 138.39 NOTE
r-devel-linux-x86_64-fedora-gcc 0.1.0 127.13 NOTE
r-devel-windows-ix86+x86_64 0.1.0 24.00 129.00 153.00 OK
r-devel-windows-x86_64-gcc10-UCRT 0.1.0 NOTE
r-patched-linux-x86_64 0.1.0 10.49 93.78 104.27 OK
r-patched-solaris-x86 0.1.0 187.10 NOTE
r-release-linux-x86_64 0.1.0 9.80 89.33 99.13 OK
r-release-macos-x86_64 0.1.0 NOTE
r-release-windows-ix86+x86_64 0.1.0 19.00 93.00 112.00 OK
r-oldrel-macos-x86_64 0.1.0 NOTE
r-oldrel-windows-ix86+x86_64 0.1.0 20.00 114.00 134.00 OK

Check Details

Version: 0.1.0
Check: dependencies in R code
Result: NOTE
    Namespace in Imports field not imported from: ‘flexsurv’
     All declared Imports should be used.
Flavors: r-devel-linux-x86_64-fedora-clang, r-devel-linux-x86_64-fedora-gcc, r-devel-windows-x86_64-gcc10-UCRT, r-patched-solaris-x86, r-release-macos-x86_64, r-oldrel-macos-x86_64