CRAN Package Check Results for Package parmsurvfit

Last updated on 2020-02-24 22:50:31 CET.

Flavor Version Tinstall Tcheck Ttotal Status Flags
r-devel-linux-x86_64-debian-clang 0.1.0 9.40 89.82 99.22 OK
r-devel-linux-x86_64-debian-gcc 0.1.0 8.50 68.26 76.76 OK
r-devel-linux-x86_64-fedora-clang 0.1.0 118.74 NOTE
r-devel-linux-x86_64-fedora-gcc 0.1.0 115.48 NOTE
r-devel-windows-ix86+x86_64 0.1.0 20.00 93.00 113.00 OK
r-devel-windows-ix86+x86_64-gcc8 0.1.0 30.00 114.00 144.00 OK
r-patched-linux-x86_64 0.1.0 8.90 78.12 87.02 OK
r-patched-solaris-x86 0.1.0 157.20 NOTE
r-release-linux-x86_64 0.1.0 8.52 78.54 87.06 OK
r-release-windows-ix86+x86_64 0.1.0 17.00 89.00 106.00 OK
r-release-osx-x86_64 0.1.0 NOTE
r-oldrel-windows-ix86+x86_64 0.1.0 10.00 89.00 99.00 OK
r-oldrel-osx-x86_64 0.1.0 NOTE

Check Details

Version: 0.1.0
Check: dependencies in R code
Result: NOTE
    Namespace in Imports field not imported from: ‘flexsurv’
     All declared Imports should be used.
Flavors: r-devel-linux-x86_64-fedora-clang, r-devel-linux-x86_64-fedora-gcc, r-patched-solaris-x86, r-release-osx-x86_64, r-oldrel-osx-x86_64