Last updated on 2024-04-24 23:00:28 CEST.
Flavor | Version | Tinstall | Tcheck | Ttotal | Status | Flags |
---|---|---|---|---|---|---|
r-devel-linux-x86_64-debian-clang | 0.2.3 | 27.09 | 133.26 | 160.35 | NOTE | |
r-devel-linux-x86_64-debian-gcc | 0.2.3 | 19.02 | 103.94 | 122.96 | NOTE | |
r-devel-linux-x86_64-fedora-clang | 0.2.3 | 216.43 | NOTE | |||
r-devel-linux-x86_64-fedora-gcc | 0.2.3 | 212.82 | NOTE | |||
r-devel-windows-x86_64 | 0.2.3 | 23.00 | 112.00 | 135.00 | NOTE | |
r-patched-linux-x86_64 | 0.2.3 | 26.23 | 134.03 | 160.26 | NOTE | |
r-release-linux-x86_64 | 0.2.3 | 16.76 | 132.03 | 148.79 | NOTE | |
r-release-macos-arm64 | 0.2.3 | 57.00 | NOTE | |||
r-release-windows-x86_64 | 0.2.3 | 24.00 | 111.00 | 135.00 | NOTE | |
r-oldrel-macos-arm64 | 0.2.3 | 53.00 | OK | |||
r-oldrel-macos-x86_64 | 0.2.3 | 92.00 | NOTE | |||
r-oldrel-windows-x86_64 | 0.2.3 | 29.00 | 140.00 | 169.00 | NOTE |
Version: 0.2.3
Check: C++ specification
Result: NOTE
Specified C++11: please drop specification unless essential
Flavors: r-devel-linux-x86_64-debian-clang, r-devel-linux-x86_64-debian-gcc, r-devel-linux-x86_64-fedora-clang, r-devel-linux-x86_64-fedora-gcc, r-devel-windows-x86_64, r-patched-linux-x86_64, r-release-linux-x86_64, r-release-macos-arm64, r-release-windows-x86_64, r-oldrel-macos-x86_64, r-oldrel-windows-x86_64
Version: 0.2.3
Check: compiled code
Result: NOTE
File ‘particles/libs/particles.so’:
Found non-API calls to R: ‘SETLENGTH’, ‘SET_TRUELENGTH’
Compiled code should not call non-API entry points in R.
See ‘Writing portable packages’ in the ‘Writing R Extensions’ manual.
Flavors: r-devel-linux-x86_64-debian-clang, r-devel-linux-x86_64-debian-gcc, r-devel-linux-x86_64-fedora-clang, r-devel-linux-x86_64-fedora-gcc