CRAN Package Check Results for Package partitions

Last updated on 2019-12-11 22:51:16 CET.

Flavor Version Tinstall Tcheck Ttotal Status Flags
r-devel-linux-x86_64-debian-clang 1.9-22 5.47 55.49 60.96 OK
r-devel-linux-x86_64-debian-gcc 1.9-22 3.92 43.68 47.60 OK
r-devel-linux-x86_64-fedora-clang 1.9-22 78.99 OK
r-devel-linux-x86_64-fedora-gcc 1.9-22 75.39 OK
r-devel-windows-ix86+x86_64 1.9-22 16.00 149.00 165.00 OK
r-devel-windows-ix86+x86_64-gcc8 1.9-22 15.00 156.00 171.00 OK
r-patched-linux-x86_64 1.9-22 4.45 51.44 55.89 OK
r-patched-solaris-x86 1.9-22 100.30 OK
r-release-linux-x86_64 1.9-22 4.87 51.74 56.61 OK
r-release-windows-ix86+x86_64 1.9-22 14.00 109.00 123.00 OK
r-release-osx-x86_64 1.9-22 OK
r-oldrel-windows-ix86+x86_64 1.9-19 17.00 116.00 133.00 OK
r-oldrel-osx-x86_64 1.9-22 ERROR

Check Details

Version: 1.9-22
Check: whether package can be installed
Result: ERROR
    Installation failed.
Flavor: r-oldrel-osx-x86_64