CRAN Package Check Results for Package partools

Last updated on 2021-05-09 22:47:06 CEST.

Flavor Version Tinstall Tcheck Ttotal Status Flags
r-devel-linux-x86_64-debian-clang 1.1.6 5.18 46.35 51.53 NOTE
r-devel-linux-x86_64-debian-gcc 1.1.6 3.50 37.03 40.53 NOTE
r-devel-linux-x86_64-fedora-clang 1.1.6 70.13 NOTE
r-devel-linux-x86_64-fedora-gcc 1.1.6 59.75 NOTE
r-devel-windows-ix86+x86_64 1.1.6 7.00 69.00 76.00 OK
r-devel-windows-x86_64-gcc10-UCRT 1.1.6 OK
r-patched-linux-x86_64 1.1.6 5.43 44.12 49.55 NOTE
r-patched-solaris-x86 1.1.6 108.50 NOTE
r-release-linux-x86_64 1.1.6 4.60 44.26 48.86 NOTE
r-release-macos-x86_64 1.1.6 OK
r-release-windows-ix86+x86_64 1.1.6 6.00 51.00 57.00 OK
r-oldrel-macos-x86_64 1.1.6 OK
r-oldrel-windows-ix86+x86_64 1.1.6 8.00 67.00 75.00 OK

Check Details

Version: 1.1.6
Check: for non-standard things in the check directory
Result: NOTE
    Found the following files/directories:
     'co2' 'co2.1' 'co2.2' 'co2s.1' 'co2s.2' 'ctm.1' 'ctm.2' 'm' 'm.1'
     'm.2' 'test' 'test.1' 'test.2' 'testa.1' 'testa.2' 'xfile.1'
     'xfile.2'
Flavors: r-devel-linux-x86_64-debian-clang, r-devel-linux-x86_64-debian-gcc, r-devel-linux-x86_64-fedora-clang, r-devel-linux-x86_64-fedora-gcc, r-patched-linux-x86_64, r-patched-solaris-x86, r-release-linux-x86_64