CRAN Package Check Results for Package parzer

Last updated on 2022-09-30 22:53:40 CEST.

Flavor Version Tinstall Tcheck Ttotal Status Flags
r-devel-linux-x86_64-debian-clang 0.4.1 70.65 34.81 105.46 OK
r-devel-linux-x86_64-debian-gcc 0.4.1 54.19 26.89 81.08 OK
r-devel-linux-x86_64-fedora-clang 0.4.1 153.80 OK
r-devel-linux-x86_64-fedora-gcc 0.4.1 148.44 OK
r-devel-windows-x86_64 0.4.1 59.00 87.00 146.00 OK
r-patched-linux-x86_64 0.4.1 60.99 33.67 94.66 OK
r-release-linux-x86_64 0.4.1 60.18 32.96 93.14 OK
r-release-macos-arm64 0.4.1 35.00 OK
r-release-macos-x86_64 0.4.1 49.00 OK
r-release-windows-x86_64 0.4.1 59.00 169.00 228.00 OK
r-oldrel-macos-arm64 0.4.1 39.00 NOTE
r-oldrel-macos-x86_64 0.4.1 50.00 OK
r-oldrel-windows-ix86+x86_64 0.4.1 156.00 93.00 249.00 OK

Check Details

Version: 0.4.1
Check: installed package size
Result: NOTE
     installed size is 5.0Mb
     sub-directories of 1Mb or more:
     doc 1.2Mb
     libs 3.7Mb
Flavor: r-oldrel-macos-arm64