CRAN Package Check Results for Package pathfindR.data

Last updated on 2021-12-01 22:53:19 CET.

Flavor Version Tinstall Tcheck Ttotal Status Flags
r-devel-linux-x86_64-debian-clang 1.1.2 21.97 27.98 49.95 OK
r-devel-linux-x86_64-debian-gcc 1.1.2 19.13 23.52 42.65 OK
r-devel-linux-x86_64-fedora-clang 1.1.2 76.86 NOTE
r-devel-linux-x86_64-fedora-gcc 1.1.2 66.68 NOTE
r-devel-windows-x86_64-new-UL 1.1.2 37.00 61.00 98.00 OK
r-devel-windows-x86_64-new-TK 1.1.2 NOTE
r-devel-windows-x86_64-old 1.1.2 33.00 31.00 64.00 OK
r-patched-linux-x86_64 1.1.2 22.20 27.12 49.32 OK
r-patched-solaris-x86 1.1.2 117.50 NOTE
r-release-linux-x86_64 1.1.2 21.25 26.93 48.18 OK
r-release-macos-arm64 1.1.2 NOTE
r-release-macos-x86_64 1.1.2 NOTE
r-release-windows-ix86+x86_64 1.1.2 42.00 32.00 74.00 OK
r-oldrel-macos-x86_64 1.1.2 NOTE
r-oldrel-windows-ix86+x86_64 1.1.2 27.00 32.00 59.00 OK

Check Details

Version: 1.1.2
Check: Rd cross-references
Result: NOTE
    Undeclared package ‘pathfindR’ in Rd xrefs
Flavor: r-devel-linux-x86_64-fedora-clang

Version: 1.1.2
Check: data for non-ASCII characters
Result: NOTE
     Note: found 1 marked UTF-8 string
Flavors: r-devel-linux-x86_64-fedora-clang, r-devel-linux-x86_64-fedora-gcc, r-devel-windows-x86_64-new-TK, r-patched-solaris-x86, r-release-macos-arm64, r-release-macos-x86_64, r-oldrel-macos-x86_64

Version: 1.1.2
Check: Rd cross-references
Result: NOTE
    Package unavailable to check Rd xrefs: ‘pathfindR’
Flavors: r-release-macos-arm64, r-release-macos-x86_64, r-oldrel-macos-x86_64