Last updated on 2024-04-19 22:55:56 CEST.
Flavor | Version | Tinstall | Tcheck | Ttotal | Status | Flags |
---|---|---|---|---|---|---|
r-devel-linux-x86_64-debian-clang | 0.1.0 | 6.25 | 48.69 | 54.94 | OK | |
r-devel-linux-x86_64-debian-gcc | 0.1.0 | OK | ||||
r-devel-linux-x86_64-fedora-clang | 0.1.0 | 66.38 | NOTE | |||
r-devel-linux-x86_64-fedora-gcc | 0.1.0 | 63.91 | NOTE | |||
r-prerel-macos-arm64 | 0.1.0 | 21.00 | OK | |||
r-prerel-windows-x86_64 | 0.1.0 | 5.00 | 53.00 | 58.00 | OK | |
r-patched-linux-x86_64 | 0.1.0 | 2.99 | 46.15 | 49.14 | OK | |
r-release-linux-x86_64 | 0.1.0 | 3.20 | 45.50 | 48.70 | OK | |
r-release-macos-arm64 | 0.1.0 | 24.00 | OK | |||
r-release-macos-x86_64 | 0.1.0 | 37.00 | OK | |||
r-release-windows-x86_64 | 0.1.0 | 7.00 | 59.00 | 66.00 | OK | |
r-oldrel-macos-arm64 | 0.1.0 | 23.00 | NOTE | |||
r-oldrel-windows-x86_64 | 0.1.0 | 7.00 | 63.00 | 70.00 | OK |
Version: 0.1.0
Check: dependencies in R code
Result: NOTE
Namespaces in Imports field not imported from:
‘testthat’ ‘usethis’ ‘utils’
All declared Imports should be used.
Flavors: r-devel-linux-x86_64-fedora-clang, r-devel-linux-x86_64-fedora-gcc, r-oldrel-macos-arm64