Last updated on 2024-04-18 22:52:52 CEST.
Flavor | Version | Tinstall | Tcheck | Ttotal | Status | Flags |
---|---|---|---|---|---|---|
r-devel-linux-x86_64-debian-clang | 1.1.7 | 3.76 | 156.91 | 160.67 | OK | |
r-devel-linux-x86_64-debian-gcc | 1.1.7 | 4.58 | 114.34 | 118.92 | OK | |
r-devel-linux-x86_64-fedora-clang | 1.1.7 | 195.74 | OK | |||
r-devel-linux-x86_64-fedora-gcc | 1.1.7 | 200.61 | OK | |||
r-prerel-macos-arm64 | 1.1.7 | 56.00 | OK | |||
r-prerel-windows-x86_64 | 1.1.7 | 8.00 | 130.00 | 138.00 | OK | |
r-patched-linux-x86_64 | 1.1.7 | 6.04 | 149.87 | 155.91 | OK | |
r-release-linux-x86_64 | 1.1.7 | 3.49 | 144.62 | 148.11 | OK | |
r-release-macos-arm64 | 1.1.7 | 65.00 | NOTE | |||
r-release-macos-x86_64 | 1.1.7 | 99.00 | NOTE | |||
r-release-windows-x86_64 | 1.1.7 | 8.00 | 162.00 | 170.00 | OK | |
r-oldrel-macos-arm64 | 1.1.7 | 70.00 | OK | |||
r-oldrel-windows-x86_64 | 1.1.7 | 9.00 | 155.00 | 164.00 | OK |
Version: 1.1.7
Check: package dependencies
Result: NOTE
Package suggested but not available for checking: ‘anomalize’
Flavors: r-release-macos-arm64, r-release-macos-x86_64