Last updated on 2025-01-19 22:49:19 CET.
Flavor | Version | Tinstall | Tcheck | Ttotal | Status | Flags |
---|---|---|---|---|---|---|
r-devel-linux-x86_64-debian-clang | 0.0.5 | 47.48 | 355.23 | 402.71 | NOTE | |
r-devel-linux-x86_64-debian-gcc | 0.0.5 | 30.74 | 233.43 | 264.17 | NOTE | |
r-devel-linux-x86_64-fedora-clang | 0.0.5 | 648.18 | NOTE | |||
r-devel-linux-x86_64-fedora-gcc | 0.0.5 | 646.33 | NOTE | |||
r-devel-windows-x86_64 | 0.0.5 | 43.00 | 280.00 | 323.00 | NOTE | |
r-patched-linux-x86_64 | 0.0.5 | 46.32 | 328.86 | 375.18 | NOTE | |
r-release-linux-x86_64 | 0.0.5 | 48.74 | 329.80 | 378.54 | NOTE | |
r-release-macos-arm64 | 0.0.5 | 116.00 | NOTE | |||
r-release-macos-x86_64 | 0.0.5 | 378.00 | NOTE | |||
r-release-windows-x86_64 | 0.0.5 | 46.00 | 296.00 | 342.00 | NOTE | |
r-oldrel-macos-arm64 | 0.0.5 | 140.00 | OK | |||
r-oldrel-macos-x86_64 | 0.0.5 | 314.00 | OK | |||
r-oldrel-windows-x86_64 | 0.0.5 | 46.00 | 373.00 | 419.00 | OK |
Version: 0.0.5
Check: Rd files
Result: NOTE
checkRd: (-1) plotHeat.Rd:113: Lost braces
113 | code{\link[patternize]{patPCA}}, as 'one' when visualizing single image or as 'multi' for multi
| ^
Flavors: r-devel-linux-x86_64-debian-clang, r-devel-linux-x86_64-debian-gcc, r-devel-linux-x86_64-fedora-clang, r-devel-linux-x86_64-fedora-gcc, r-devel-windows-x86_64, r-patched-linux-x86_64, r-release-linux-x86_64, r-release-macos-arm64, r-release-macos-x86_64, r-release-windows-x86_64