CRAN Package Check Results for Package patternplot

Last updated on 2020-02-22 22:47:54 CET.

Flavor Version Tinstall Tcheck Ttotal Status Flags
r-devel-linux-x86_64-debian-clang 0.3.2 54.94 107.38 162.32 ERROR
r-devel-linux-x86_64-debian-gcc 0.3.2 35.86 244.58 280.44 NOTE
r-devel-linux-x86_64-fedora-clang 0.3.2 515.72 NOTE
r-devel-linux-x86_64-fedora-gcc 0.3.2 497.03 NOTE
r-devel-windows-ix86+x86_64 0.3.2 104.00 459.00 563.00 NOTE
r-devel-windows-ix86+x86_64-gcc8 0.3.2 161.00 463.00 624.00 NOTE
r-patched-linux-x86_64 0.3.2 NOTE
r-patched-solaris-x86 0.3.2 683.00 NOTE
r-release-linux-x86_64 0.3.2 46.36 349.09 395.45 NOTE
r-release-windows-ix86+x86_64 0.3.2 111.00 458.00 569.00 NOTE
r-release-osx-x86_64 0.3.2 NOTE
r-oldrel-windows-ix86+x86_64 0.3.2 107.00 469.00 576.00 NOTE
r-oldrel-osx-x86_64 0.3.2 NOTE

Check Details

Version: 0.3.2
Check: for GNU extensions in Makefiles
Result: NOTE
    GNU make is a SystemRequirements.
Flavors: r-devel-linux-x86_64-debian-clang, r-devel-linux-x86_64-debian-gcc, r-devel-linux-x86_64-fedora-clang, r-devel-linux-x86_64-fedora-gcc, r-devel-windows-ix86+x86_64, r-devel-windows-ix86+x86_64-gcc8, r-patched-linux-x86_64, r-patched-solaris-x86, r-release-linux-x86_64, r-release-windows-ix86+x86_64, r-release-osx-x86_64, r-oldrel-windows-ix86+x86_64, r-oldrel-osx-x86_64

Version: 0.3.2
Check: examples
Result: ERROR
    Running examples in 'patternplot-Ex.R' failed
    The error most likely occurred in:
    
    > base::assign(".ptime", proc.time(), pos = "CheckExEnv")
    > ### Name: imagebar_s
    > ### Title: Plot a stacked bar chart with bars filled with png and jpeg
    > ### images.
    > ### Aliases: imagebar_s
    >
    > ### ** Examples
    >
    > library(patternplot)
    > library(jpeg)
    > library(ggplot2)
    >
    > childcare<-readJPEG(system.file("img", "childcare.jpg", package="patternplot"))
    > food<-readJPEG(system.file("img", "food.jpg", package="patternplot"))
    > housing <-readJPEG(system.file("img", "housing.jpg", package="patternplot"))
    >
    > data <- read.csv(system.file("extdata", "monthlyexp.csv", package="patternplot"))
    > x<-data$Location
    > y<-data$Amount
    > group<-data$Type
    > pattern.type<-list(childcare, food, housing)
    >
    > imagebar_s(data,x, y, group, xlab='', ylab='Monthly Expenses, Dollar',
    + pattern.type=pattern.type, label.size=3.5, frame.size=1, frame.color='black',
    + legend.type='h', legend.h=6, legend.y.pos=0.49, legend.pixel=20, legend.w=0.2,
    + legend.x.pos=1.1)+scale_y_continuous(limits = c(0, 6800))
    Error: geom_text requires the following missing aesthetics: label
    Execution halted
Flavor: r-devel-linux-x86_64-debian-clang

Version: 0.3.2
Check: re-building of vignette outputs
Result: WARN
    Error(s) in re-building vignettes:
     ...
    --- re-building 'patternplot-intro.Rmd' using docco_linear
    Quitting from lines 271-281 (patternplot-intro.Rmd)
    Error: processing vignette 'patternplot-intro.Rmd' failed with diagnostics:
    geom_text requires the following missing aesthetics: label
    --- failed re-building 'patternplot-intro.Rmd'
    
    SUMMARY: processing the following file failed:
     'patternplot-intro.Rmd'
    
    Error: Vignette re-building failed.
    Execution halted
Flavor: r-devel-linux-x86_64-debian-clang