CRAN Package Check Results for Package pbapply

Last updated on 2020-01-18 22:48:39 CET.

Flavor Version Tinstall Tcheck Ttotal Status Flags
r-devel-linux-x86_64-debian-clang 1.4-2 1.75 38.06 39.81 OK
r-devel-linux-x86_64-debian-gcc 1.4-2 1.52 29.66 31.18 OK
r-devel-linux-x86_64-fedora-clang 1.4-2 49.10 OK
r-devel-linux-x86_64-fedora-gcc 1.4-2 47.71 OK
r-devel-windows-ix86+x86_64 1.4-2 10.00 92.00 102.00 OK
r-devel-windows-ix86+x86_64-gcc8 1.4-2 8.00 92.00 100.00 OK
r-patched-linux-x86_64 1.4-2 1.53 34.87 36.40 OK
r-patched-solaris-x86 1.4-2 77.40 OK
r-release-linux-x86_64 1.4-2 1.79 36.09 37.88 OK
r-release-windows-ix86+x86_64 1.4-2 6.00 72.00 78.00 OK
r-release-osx-x86_64 1.4-2 NOTE
r-oldrel-windows-ix86+x86_64 1.4-2 3.00 70.00 73.00 OK
r-oldrel-osx-x86_64 1.4-2 NOTE

Check Details

Version: 1.4-2
Check: dependencies in R code
Result: NOTE
    No protocol specified
    No protocol specified
Flavors: r-release-osx-x86_64, r-oldrel-osx-x86_64