Last updated on 2024-04-22 23:09:59 CEST.
Flavor | Version | Tinstall | Tcheck | Ttotal | Status | Flags |
---|---|---|---|---|---|---|
r-devel-linux-x86_64-debian-clang | 0.3-5 | 193.34 | 57.70 | 251.04 | OK | |
r-devel-linux-x86_64-debian-gcc | 0.3-5 | 140.29 | 44.95 | 185.24 | OK | |
r-devel-linux-x86_64-fedora-clang | 0.3-5 | 315.73 | OK | |||
r-devel-linux-x86_64-fedora-gcc | 0.3-5 | 344.61 | OK | |||
r-prerel-macos-arm64 | 0.3-5 | 7.00 | ERROR | |||
r-prerel-macos-x86_64 | 0.3-5 | 8.00 | ERROR | |||
r-prerel-windows-x86_64 | 0.3-5 | 217.00 | 80.00 | 297.00 | NOTE | |
r-patched-linux-x86_64 | 0.3-5 | 159.12 | 56.00 | 215.12 | OK | |
r-release-linux-x86_64 | 0.3-5 | 164.45 | 54.92 | 219.37 | OK | |
r-release-macos-arm64 | 0.3-5 | 11.00 | ERROR | |||
r-release-macos-x86_64 | 0.3-5 | 8.00 | ERROR | |||
r-release-windows-x86_64 | 0.3-5 | 230.00 | 83.00 | 313.00 | NOTE | |
r-oldrel-macos-arm64 | 0.3-5 | 12.00 | ERROR | |||
r-oldrel-windows-x86_64 | 0.3-5 | 206.00 | 92.00 | 298.00 | NOTE |
Version: 0.3-5
Check: package dependencies
Result: ERROR
Package required but not available: ‘pbdMPI’
See section ‘The DESCRIPTION file’ in the ‘Writing R Extensions’
manual.
Flavors: r-prerel-macos-arm64, r-prerel-macos-x86_64, r-release-macos-arm64, r-release-macos-x86_64, r-oldrel-macos-arm64
Version: 0.3-5
Check: installed package size
Result: NOTE
installed size is 5.6Mb
sub-directories of 1Mb or more:
lib 2.9Mb
libs 2.5Mb
Flavors: r-prerel-windows-x86_64, r-release-windows-x86_64, r-oldrel-windows-x86_64