CRAN Package Check Results for Package pccc

Last updated on 2018-06-24 22:49:31 CEST.

Flavor Version Tinstall Tcheck Ttotal Status Flags
r-devel-linux-x86_64-debian-clang 1.0.1 51.86 44.35 96.21 OK
r-devel-linux-x86_64-debian-gcc 1.0.1 40.91 35.24 76.15 OK
r-devel-linux-x86_64-fedora-clang 1.0.1 131.61 NOTE
r-devel-linux-x86_64-fedora-gcc 1.0.1 120.07 OK
r-devel-windows-ix86+x86_64 1.0.1 87.00 87.00 174.00 OK
r-patched-linux-x86_64 1.0.1 47.80 40.64 88.44 OK
r-patched-solaris-x86 1.0.1 129.40 OK
r-release-linux-x86_64 1.0.1 46.46 37.99 84.45 OK
r-release-windows-ix86+x86_64 1.0.1 109.00 123.00 232.00 OK
r-release-osx-x86_64 1.0.1 NOTE
r-oldrel-windows-ix86+x86_64 1.0.1 105.00 79.00 184.00 OK
r-oldrel-osx-x86_64 1.0.1 OK

Check Details

Version: 1.0.1
Check: installed package size
Result: NOTE
     installed size is 5.2Mb
     sub-directories of 1Mb or more:
     libs 3.5Mb
Flavors: r-devel-linux-x86_64-fedora-clang, r-release-osx-x86_64