CRAN Package Check Results for Package pcdpca

Last updated on 2020-01-18 22:48:39 CET.

Flavor Version Tinstall Tcheck Ttotal Status Flags
r-devel-linux-x86_64-debian-clang 0.4 1.80 25.91 27.71 OK
r-devel-linux-x86_64-debian-gcc 0.4 1.47 20.17 21.64 OK
r-devel-linux-x86_64-fedora-clang 0.4 33.81 NOTE
r-devel-linux-x86_64-fedora-gcc 0.4 32.78 NOTE
r-devel-windows-ix86+x86_64 0.4 4.00 38.00 42.00 OK
r-devel-windows-ix86+x86_64-gcc8 0.4 6.00 50.00 56.00 OK
r-patched-linux-x86_64 0.4 1.52 23.64 25.16 OK
r-patched-solaris-x86 0.4 53.70 NOTE
r-release-linux-x86_64 0.4 1.36 24.05 25.41 OK
r-release-windows-ix86+x86_64 0.4 6.00 36.00 42.00 OK
r-release-osx-x86_64 0.4 NOTE
r-oldrel-windows-ix86+x86_64 0.4 3.00 32.00 35.00 OK
r-oldrel-osx-x86_64 0.4 NOTE

Check Details

Version: 0.4
Check: dependencies in R code
Result: NOTE
    Namespace in Imports field not imported from: ‘fda’
     All declared Imports should be used.
Flavors: r-devel-linux-x86_64-fedora-clang, r-devel-linux-x86_64-fedora-gcc, r-patched-solaris-x86, r-release-osx-x86_64, r-oldrel-osx-x86_64