CRAN Package Check Results for Package pcdpca

Last updated on 2019-08-22 22:47:01 CEST.

Flavor Version Tinstall Tcheck Ttotal Status Flags
r-devel-linux-x86_64-debian-clang 0.4 1.65 24.40 26.05 OK
r-devel-linux-x86_64-debian-gcc 0.4 1.53 19.38 20.91 OK
r-devel-linux-x86_64-fedora-clang 0.4 31.72 NOTE
r-devel-linux-x86_64-fedora-gcc 0.4 31.30 NOTE
r-devel-windows-ix86+x86_64 0.4 6.00 37.00 43.00 OK
r-patched-linux-x86_64 0.4 1.42 24.18 25.60 OK
r-patched-solaris-x86 0.4 55.20 NOTE
r-release-linux-x86_64 0.4 1.54 24.12 25.66 OK
r-release-windows-ix86+x86_64 0.4 4.00 49.00 53.00 OK
r-release-osx-x86_64 0.4 NOTE
r-oldrel-windows-ix86+x86_64 0.4 3.00 46.00 49.00 OK
r-oldrel-osx-x86_64 0.4 NOTE

Check Details

Version: 0.4
Check: dependencies in R code
Result: NOTE
    Namespace in Imports field not imported from: ‘fda’
     All declared Imports should be used.
Flavors: r-devel-linux-x86_64-fedora-clang, r-devel-linux-x86_64-fedora-gcc, r-patched-solaris-x86, r-release-osx-x86_64, r-oldrel-osx-x86_64