CRAN Package Check Results for Package pct

Last updated on 2021-12-07 22:59:38 CET.

Flavor Version Tinstall Tcheck Ttotal Status Flags
r-devel-linux-x86_64-debian-clang 0.9.3 3.91 201.66 205.57 OK
r-devel-linux-x86_64-debian-gcc 0.9.3 3.15 145.73 148.88 OK
r-devel-linux-x86_64-fedora-clang 0.9.3 248.51 NOTE
r-devel-linux-x86_64-fedora-gcc 0.9.3 232.51 NOTE
r-devel-windows-x86_64-new-UL 0.9.3 21.00 331.00 352.00 NOTE
r-devel-windows-x86_64-new-TK 0.9.3 NOTE
r-devel-windows-x86_64-old 0.9.3 8.00 226.00 234.00 NOTE
r-patched-linux-x86_64 0.9.3 4.74 223.05 227.79 OK
r-release-linux-x86_64 0.9.3 4.46 221.84 226.30 OK
r-release-macos-arm64 0.9.3 NOTE
r-release-macos-x86_64 0.9.3 NOTE
r-release-windows-ix86+x86_64 0.9.3 8.00 280.00 288.00 NOTE
r-oldrel-macos-x86_64 0.9.3 NOTE
r-oldrel-windows-ix86+x86_64 0.9.3 9.00 327.00 336.00 NOTE

Check Details

Version: 0.9.3
Check: installed package size
Result: NOTE
     installed size is 8.9Mb
     sub-directories of 1Mb or more:
     doc 7.6Mb
Flavors: r-devel-linux-x86_64-fedora-clang, r-devel-windows-x86_64-new-UL, r-devel-windows-x86_64-old, r-release-macos-arm64, r-release-macos-x86_64, r-release-windows-ix86+x86_64, r-oldrel-macos-x86_64, r-oldrel-windows-ix86+x86_64

Version: 0.9.3
Check: data for non-ASCII characters
Result: NOTE
     Note: found 11 marked UTF-8 strings
Flavors: r-devel-linux-x86_64-fedora-clang, r-devel-linux-x86_64-fedora-gcc, r-devel-windows-x86_64-new-TK, r-release-macos-arm64, r-release-macos-x86_64, r-oldrel-macos-x86_64