CRAN Package Check Results for Package pdR

Last updated on 2021-07-30 22:57:37 CEST.

Flavor Version Tinstall Tcheck Ttotal Status Flags
r-devel-linux-x86_64-debian-clang 1.7 OK
r-devel-linux-x86_64-debian-gcc 1.7 8.21 58.98 67.19 OK
r-devel-linux-x86_64-fedora-clang 1.7 123.69 NOTE
r-devel-linux-x86_64-fedora-gcc 1.7 112.83 NOTE
r-devel-windows-x86_64 1.7 39.00 96.00 135.00 OK
r-devel-windows-x86_64-gcc10-UCRT 1.7 NOTE
r-patched-linux-x86_64 1.7 OK
r-patched-solaris-x86 1.7 158.10 NOTE
r-release-linux-x86_64 1.7 9.86 76.16 86.02 OK
r-release-macos-arm64 1.7 NOTE
r-release-macos-x86_64 1.7 NOTE
r-release-windows-ix86+x86_64 1.7 21.00 70.00 91.00 OK
r-oldrel-macos-x86_64 1.7 NOTE
r-oldrel-windows-ix86+x86_64 1.7 20.00 98.00 118.00 OK

Check Details

Version: 1.7
Check: dependencies in R code
Result: NOTE
    Namespaces in Imports field not imported from:
     ‘car’ ‘sandwich’
     All declared Imports should be used.
Flavors: r-devel-linux-x86_64-fedora-clang, r-devel-linux-x86_64-fedora-gcc, r-devel-windows-x86_64-gcc10-UCRT, r-patched-solaris-x86, r-release-macos-arm64, r-release-macos-x86_64, r-oldrel-macos-x86_64