Last updated on 2023-09-26 23:04:20 CEST.
Flavor | Version | Tinstall | Tcheck | Ttotal | Status | Flags |
---|---|---|---|---|---|---|
r-devel-linux-x86_64-debian-clang | 1.2.4 | 106.05 | 100.70 | 206.75 | NOTE | |
r-devel-linux-x86_64-debian-gcc | 1.2.4 | 74.78 | 72.56 | 147.34 | NOTE | |
r-devel-linux-x86_64-fedora-clang | 1.2.4 | 289.08 | NOTE | |||
r-devel-linux-x86_64-fedora-gcc | 1.2.4 | 296.81 | NOTE | |||
r-devel-windows-x86_64 | 1.2.4 | 79.00 | 117.00 | 196.00 | NOTE | |
r-patched-linux-x86_64 | 1.2.4 | 102.55 | 97.59 | 200.14 | NOTE | |
r-release-linux-x86_64 | 1.2.4 | 105.05 | 96.12 | 201.17 | NOTE | |
r-release-macos-arm64 | 1.2.4 | 81.00 | NOTE | |||
r-release-macos-x86_64 | 1.2.4 | 131.00 | NOTE | |||
r-release-windows-x86_64 | 1.2.4 | 104.00 | 135.00 | 239.00 | NOTE | |
r-oldrel-macos-arm64 | 1.2.4 | 73.00 | NOTE | |||
r-oldrel-macos-x86_64 | 1.2.4 | 92.00 | NOTE | |||
r-oldrel-windows-x86_64 | 1.2.4 | 100.00 | 127.00 | 227.00 | NOTE |
Version: 1.2.4
Check: C++ specification
Result: NOTE
Specified C++11: please drop specification unless essential
Flavors: r-devel-linux-x86_64-debian-clang, r-devel-linux-x86_64-debian-gcc, r-devel-linux-x86_64-fedora-clang, r-devel-linux-x86_64-fedora-gcc, r-devel-windows-x86_64, r-patched-linux-x86_64, r-release-linux-x86_64, r-release-macos-arm64, r-release-macos-x86_64, r-release-windows-x86_64
Version: 1.2.4
Check: LazyData
Result: NOTE
'LazyData' is specified without a 'data' directory
Flavors: r-devel-linux-x86_64-debian-clang, r-devel-linux-x86_64-debian-gcc, r-devel-linux-x86_64-fedora-clang, r-devel-linux-x86_64-fedora-gcc, r-devel-windows-x86_64, r-patched-linux-x86_64, r-release-linux-x86_64, r-release-macos-arm64, r-release-macos-x86_64, r-release-windows-x86_64, r-oldrel-macos-arm64, r-oldrel-macos-x86_64, r-oldrel-windows-x86_64
Version: 1.2.4
Check: installed package size
Result: NOTE
installed size is 7.5Mb
sub-directories of 1Mb or more:
libs 6.5Mb
Flavors: r-release-macos-arm64, r-release-macos-x86_64, r-oldrel-macos-arm64, r-oldrel-macos-x86_64