CRAN Package Check Results for Package pdfminer

Last updated on 2023-10-02 22:08:06 CEST.

Flavor Version Tinstall Tcheck Ttotal Status Flags
r-devel-linux-x86_64-debian-clang 1.0 2.49 26.49 28.98 NOTE
r-devel-linux-x86_64-debian-gcc 1.0 1.35 21.29 22.64 NOTE
r-devel-linux-x86_64-fedora-clang 1.0 37.21 NOTE
r-devel-linux-x86_64-fedora-gcc 1.0 36.72 NOTE
r-devel-windows-x86_64 1.0 3.00 49.00 52.00 NOTE
r-patched-linux-x86_64 1.0 2.37 26.51 28.88 NOTE
r-release-linux-x86_64 1.0 1.61 26.44 28.05 NOTE
r-release-macos-arm64 1.0 18.00 NOTE
r-release-macos-x86_64 1.0 23.00 NOTE
r-release-windows-x86_64 1.0 8.00 47.00 55.00 NOTE
r-oldrel-macos-arm64 1.0 18.00 NOTE
r-oldrel-macos-x86_64 1.0 22.00 NOTE
r-oldrel-windows-x86_64 1.0 6.00 51.00 57.00 NOTE

Check Details

Version: 1.0
Check: package dependencies
Result: NOTE
    Package suggested but not available for checking: ‘PythonInR’
Flavors: r-devel-linux-x86_64-debian-clang, r-devel-linux-x86_64-debian-gcc, r-devel-linux-x86_64-fedora-clang, r-devel-linux-x86_64-fedora-gcc, r-devel-windows-x86_64, r-patched-linux-x86_64, r-release-linux-x86_64, r-release-macos-arm64, r-release-macos-x86_64, r-release-windows-x86_64, r-oldrel-macos-arm64, r-oldrel-macos-x86_64, r-oldrel-windows-x86_64