CRAN Package Check Results for Package pdp

Last updated on 2024-02-26 23:03:47 CET.

Flavor Version Tinstall Tcheck Ttotal Status Flags
r-devel-linux-x86_64-debian-clang 0.8.1 9.37 241.68 251.05 NOTE
r-devel-linux-x86_64-debian-gcc 0.8.1 6.87 240.62 247.49 NOTE
r-devel-linux-x86_64-fedora-clang 0.8.1 292.49 NOTE
r-devel-linux-x86_64-fedora-gcc 0.8.1 333.10 OK
r-devel-windows-x86_64 0.8.1 12.00 173.00 185.00 OK
r-patched-linux-x86_64 0.8.1 8.89 239.17 248.06 OK
r-release-linux-x86_64 0.8.1 8.96 245.64 254.60 OK
r-release-macos-arm64 0.8.1 107.00 OK
r-release-macos-x86_64 0.8.1 158.00 OK
r-release-windows-x86_64 0.8.1 14.00 221.00 235.00 OK
r-oldrel-macos-arm64 0.8.1 101.00 OK
r-oldrel-windows-x86_64 0.8.1 14.00 220.00 234.00 OK

Check Details

Version: 0.8.1
Check: Rd files
Result: NOTE checkRd: (-1) get_training_data.Rd:6-14: Lost braces 6 | where <- function(name, env = parent.frame()) { | ^ checkRd: (-1) get_training_data.Rd:7-9: Lost braces 7 | if (identical(env, emptyenv())) { | ^ checkRd: (-1) get_training_data.Rd:9-11: Lost braces 9 | } else if (exists(name, envir = env, inherits = FALSE)) { | ^ checkRd: (-1) get_training_data.Rd:11-13: Lost braces 11 | } else { | ^ checkRd: (-1) get_training_data.Rd:20-28: Lost braces 20 | where <- function(name, env = parent.frame()) { | ^ checkRd: (-1) get_training_data.Rd:21-23: Lost braces 21 | if (identical(env, emptyenv())) { | ^ checkRd: (-1) get_training_data.Rd:23-25: Lost braces 23 | } else if (exists(name, envir = env, inherits = FALSE)) { | ^ checkRd: (-1) get_training_data.Rd:25-27: Lost braces 25 | } else { | ^ Flavors: r-devel-linux-x86_64-debian-clang, r-devel-linux-x86_64-debian-gcc, r-devel-linux-x86_64-fedora-clang