CRAN Package Check Results for Package pdqr

Last updated on 2021-10-22 22:56:41 CEST.

Flavor Version Tinstall Tcheck Ttotal Status Flags
r-devel-linux-x86_64-debian-clang 0.3.0 8.48 142.29 150.77 NOTE
r-devel-linux-x86_64-debian-gcc 0.3.0 6.39 105.09 111.48 NOTE
r-devel-linux-x86_64-fedora-clang 0.3.0 195.22 NOTE
r-devel-linux-x86_64-fedora-gcc 0.3.0 183.54 NOTE
r-devel-windows-x86_64 0.3.0 14.00 187.00 201.00 NOTE
r-devel-windows-x86_64-gcc10-UCRT 0.3.0 NOTE
r-patched-linux-x86_64 0.3.0 9.45 138.27 147.72 NOTE
r-patched-solaris-x86 0.3.0 210.40 NOTE
r-release-linux-x86_64 0.3.0 7.14 139.49 146.63 NOTE
r-release-macos-arm64 0.3.0 NOTE
r-release-macos-x86_64 0.3.0 NOTE
r-release-windows-ix86+x86_64 0.3.0 12.00 179.00 191.00 NOTE
r-oldrel-macos-x86_64 0.3.0 OK
r-oldrel-windows-ix86+x86_64 0.3.0 16.00 179.00 195.00 OK

Check Details

Version: 0.3.0
Check: LazyData
Result: NOTE
     'LazyData' is specified without a 'data' directory
Flavors: r-devel-linux-x86_64-debian-clang, r-devel-linux-x86_64-debian-gcc, r-devel-linux-x86_64-fedora-clang, r-devel-linux-x86_64-fedora-gcc, r-devel-windows-x86_64, r-devel-windows-x86_64-gcc10-UCRT, r-patched-linux-x86_64, r-patched-solaris-x86, r-release-linux-x86_64, r-release-macos-arm64, r-release-macos-x86_64, r-release-windows-ix86+x86_64