CRAN Package Check Results for Package pedigree

Last updated on 2019-12-11 22:51:16 CET.

Flavor Version Tinstall Tcheck Ttotal Status Flags
r-devel-linux-x86_64-debian-clang 1.4 9.87 60.80 70.67 NOTE
r-devel-linux-x86_64-debian-gcc 1.4 7.75 47.76 55.51 NOTE
r-devel-linux-x86_64-fedora-clang 1.4 88.22 NOTE
r-devel-linux-x86_64-fedora-gcc 1.4 85.20 NOTE
r-devel-windows-ix86+x86_64 1.4 20.00 129.00 149.00 NOTE
r-devel-windows-ix86+x86_64-gcc8 1.4 23.00 143.00 166.00 NOTE
r-patched-linux-x86_64 1.4 8.59 55.53 64.12 NOTE
r-patched-solaris-x86 1.4 120.00 NOTE
r-release-linux-x86_64 1.4 8.65 55.40 64.05 NOTE
r-release-windows-ix86+x86_64 1.4 18.00 98.00 116.00 NOTE
r-release-osx-x86_64 1.4 NOTE
r-oldrel-windows-ix86+x86_64 1.4 13.00 91.00 104.00 NOTE
r-oldrel-osx-x86_64 1.4 NOTE

Check Details

Version: 1.4
Check: DESCRIPTION meta-information
Result: NOTE
    Malformed Description field: should contain one or more complete sentences.
Flavors: r-devel-linux-x86_64-debian-clang, r-devel-linux-x86_64-debian-gcc, r-devel-linux-x86_64-fedora-clang, r-devel-linux-x86_64-fedora-gcc, r-devel-windows-ix86+x86_64, r-devel-windows-ix86+x86_64-gcc8, r-patched-linux-x86_64, r-patched-solaris-x86, r-release-linux-x86_64, r-release-windows-ix86+x86_64, r-release-osx-x86_64, r-oldrel-windows-ix86+x86_64, r-oldrel-osx-x86_64

Version: 1.4
Check: dependencies in R code
Result: NOTE
    Package in Depends field not imported from: 'reshape'
     These packages need to be imported from (in the NAMESPACE file)
     for when this namespace is loaded but not attached.
Flavors: r-devel-linux-x86_64-debian-clang, r-devel-linux-x86_64-debian-gcc, r-devel-linux-x86_64-fedora-clang, r-devel-linux-x86_64-fedora-gcc, r-devel-windows-ix86+x86_64, r-devel-windows-ix86+x86_64-gcc8, r-patched-linux-x86_64, r-patched-solaris-x86, r-release-linux-x86_64, r-release-windows-ix86+x86_64, r-release-osx-x86_64, r-oldrel-windows-ix86+x86_64, r-oldrel-osx-x86_64

Version: 1.4
Check: R code for possible problems
Result: NOTE
    blup: no visible global function definition for 'model.matrix'
    blup: no visible global function definition for 'model.frame'
    blup: no visible global function definition for 'read.table'
    calcG: no visible global function definition for 'as'
    gblup: no visible global function definition for 'model.matrix'
    gblup: no visible global function definition for 'model.frame'
    Undefined global functions or variables:
     as model.frame model.matrix read.table
    Consider adding
     importFrom("methods", "as")
     importFrom("stats", "model.frame", "model.matrix")
     importFrom("utils", "read.table")
    to your NAMESPACE file (and ensure that your DESCRIPTION Imports field
    contains 'methods').
Flavors: r-devel-linux-x86_64-debian-clang, r-devel-linux-x86_64-debian-gcc, r-devel-linux-x86_64-fedora-clang, r-devel-linux-x86_64-fedora-gcc, r-devel-windows-ix86+x86_64, r-devel-windows-ix86+x86_64-gcc8, r-patched-linux-x86_64, r-patched-solaris-x86, r-release-linux-x86_64, r-release-windows-ix86+x86_64, r-release-osx-x86_64, r-oldrel-windows-ix86+x86_64, r-oldrel-osx-x86_64

Version: 1.4
Check: for non-standard things in the check directory
Result: NOTE
    Found the following files/directories:
     'A.txt' 'Ainv.txt'
Flavors: r-devel-linux-x86_64-debian-clang, r-devel-linux-x86_64-debian-gcc, r-devel-linux-x86_64-fedora-clang, r-devel-linux-x86_64-fedora-gcc

Version: 1.4
Check: compiled code
Result: NOTE
    File ‘pedigree/libs/pedigree.so’:
     Found no calls to: ‘R_registerRoutines’, ‘R_useDynamicSymbols’
    
    It is good practice to register native routines and to disable symbol
    search.
    
    See ‘Writing portable packages’ in the ‘Writing R Extensions’ manual.
Flavors: r-devel-linux-x86_64-fedora-clang, r-devel-linux-x86_64-fedora-gcc