CRAN Package Check Results for Package penalizedSVM

Last updated on 2021-05-06 22:55:29 CEST.

Flavor Version Tinstall Tcheck Ttotal Status Flags
r-devel-linux-x86_64-debian-clang 1.1.2 6.38 43.67 50.05 OK
r-devel-linux-x86_64-debian-gcc 1.1.2 5.40 33.37 38.77 OK
r-devel-linux-x86_64-fedora-clang 1.1.2 70.40 NOTE
r-devel-linux-x86_64-fedora-gcc 1.1.2 59.35 NOTE
r-devel-windows-ix86+x86_64 1.1.2 12.00 57.00 69.00 OK
r-devel-windows-x86_64-gcc10-UCRT 1.1.2 NOTE
r-patched-linux-x86_64 1.1.2 7.43 42.56 49.99 OK
r-patched-solaris-x86 1.1.2 80.60 NOTE
r-release-linux-x86_64 1.1.2 6.41 40.94 47.35 OK
r-release-macos-x86_64 1.1.2 NOTE
r-release-windows-ix86+x86_64 1.1.2 7.00 45.00 52.00 OK
r-oldrel-macos-x86_64 1.1.2 NOTE
r-oldrel-windows-ix86+x86_64 1.1.2 10.00 41.00 51.00 OK

Check Details

Version: 1.1.2
Check: dependencies in R code
Result: NOTE
    Namespace in Imports field not imported from: ‘lhs’
     All declared Imports should be used.
Flavors: r-devel-linux-x86_64-fedora-clang, r-devel-linux-x86_64-fedora-gcc, r-devel-windows-x86_64-gcc10-UCRT, r-patched-solaris-x86, r-release-macos-x86_64, r-oldrel-macos-x86_64