Last updated on 2023-12-04 22:57:49 CET.
Flavor | Version | Tinstall | Tcheck | Ttotal | Status | Flags |
---|---|---|---|---|---|---|
r-devel-linux-x86_64-debian-clang | 2.1.1 | 15.87 | 132.33 | 148.20 | OK | |
r-devel-linux-x86_64-debian-gcc | 2.1.1 | 11.94 | 95.37 | 107.31 | OK | |
r-devel-linux-x86_64-fedora-clang | 2.1.1 | 182.47 | OK | |||
r-devel-linux-x86_64-fedora-gcc | 2.1.1 | 184.53 | OK | |||
r-devel-windows-x86_64 | 2.1.1 | 14.00 | 148.00 | 162.00 | OK | |
r-patched-linux-x86_64 | 2.1.1 | 16.68 | 120.73 | 137.41 | OK | |
r-release-linux-x86_64 | 2.1.1 | 11.23 | 122.25 | 133.48 | OK | |
r-release-macos-arm64 | 2.1.1 | 96.00 | OK | |||
r-release-macos-x86_64 | 2.1.1 | 190.00 | OK | |||
r-release-windows-x86_64 | 2.1.1 | 18.00 | 173.00 | 191.00 | OK | |
r-oldrel-macos-arm64 | 2.1.1 | 94.00 | NOTE | |||
r-oldrel-macos-x86_64 | 2.1.0 | 99.00 | NOTE | |||
r-oldrel-windows-x86_64 | 2.1.1 | 20.00 | 191.00 | 211.00 | OK |
Version: 2.1.1
Check: package dependencies
Result: NOTE
Package suggested but not available for checking: ‘ptmixed’
Flavor: r-oldrel-macos-arm64
Version: 2.1.0
Check: package dependencies
Result: NOTE
Package suggested but not available for checking: ‘ptmixed’
Flavor: r-oldrel-macos-x86_64