CRAN Package Check Results for Package performance

Last updated on 2021-09-22 22:56:38 CEST.

Flavor Version Tinstall Tcheck Ttotal Status Flags
r-devel-linux-x86_64-debian-clang 0.7.3 18.79 189.13 207.92 OK
r-devel-linux-x86_64-debian-gcc 0.7.3 13.65 137.68 151.33 OK
r-devel-linux-x86_64-fedora-clang 0.7.3 258.96 OK
r-devel-linux-x86_64-fedora-gcc 0.7.3 251.68 OK
r-devel-windows-x86_64 0.7.3 17.00 192.00 209.00 OK
r-devel-windows-x86_64-gcc10-UCRT 0.7.3 ERROR
r-patched-linux-x86_64 0.7.3 16.30 183.53 199.83 OK
r-patched-solaris-x86 0.7.3 282.60 NOTE
r-release-linux-x86_64 0.7.3 11.77 178.35 190.12 OK
r-release-macos-arm64 0.7.3 OK
r-release-macos-x86_64 0.7.3 OK
r-release-windows-ix86+x86_64 0.7.3 25.00 192.00 217.00 OK
r-oldrel-macos-x86_64 0.7.3 OK
r-oldrel-windows-ix86+x86_64 0.7.3 17.00 176.00 193.00 OK

Check Details

Version: 0.7.3
Check: package dependencies
Result: NOTE
    Packages suggested but not available for checking:
     'brms', 'rstanarm', 'rstantools', 'spelling'
Flavor: r-devel-windows-x86_64-gcc10-UCRT

Version: 0.7.3
Check: PDF version of manual
Result: WARN
    LaTeX errors when creating PDF version.
    This typically indicates Rd problems.
Flavor: r-devel-windows-x86_64-gcc10-UCRT

Version: 0.7.3
Check: PDF version of manual without hyperrefs or index
Result: ERROR
    Re-running with no redirection of stdout/stderr.
Flavor: r-devel-windows-x86_64-gcc10-UCRT

Version: 0.7.3
Check: package dependencies
Result: NOTE
    Package suggested but not available for checking: ‘glmmTMB’
Flavor: r-patched-solaris-x86