CRAN Package Check Results for Package performance

Last updated on 2022-07-04 22:59:18 CEST.

Flavor Version Tinstall Tcheck Ttotal Status Flags
r-devel-linux-x86_64-debian-clang 0.9.1 15.77 184.56 200.33 OK
r-devel-linux-x86_64-debian-gcc 0.9.1 16.69 133.35 150.04 OK
r-devel-linux-x86_64-fedora-clang 0.9.1 253.84 OK
r-devel-linux-x86_64-fedora-gcc 0.9.1 249.38 OK
r-devel-windows-x86_64 0.9.1 190.00 231.00 421.00 OK
r-patched-linux-x86_64 0.9.1 17.93 175.94 193.87 OK
r-release-linux-x86_64 0.9.1 16.08 174.31 190.39 OK
r-release-macos-arm64 0.9.1 7.00 ERROR
r-release-macos-x86_64 0.9.1 65.00 OK
r-release-windows-x86_64 0.9.1 200.00 230.00 430.00 OK
r-oldrel-macos-arm64 0.9.1 44.00 OK
r-oldrel-macos-x86_64 0.9.1 66.00 OK
r-oldrel-windows-ix86+x86_64 0.9.1 29.00 235.00 264.00 OK

Check Details

Version: 0.9.1
Check: package dependencies
Result: ERROR
    Package required and available but unsuitable version: ‘datawizard’
    
    See section ‘The DESCRIPTION file’ in the ‘Writing R Extensions’
    manual.
Flavor: r-release-macos-arm64