CRAN Package Check Results for Package performanceEstimation

Last updated on 2021-05-05 22:51:44 CEST.

Flavor Version Tinstall Tcheck Ttotal Status Flags
r-devel-linux-x86_64-debian-clang 1.1.0 8.08 49.80 57.88 NOTE
r-devel-linux-x86_64-debian-gcc 1.1.0 6.72 38.34 45.06 NOTE
r-devel-linux-x86_64-fedora-clang 1.1.0 79.64 NOTE
r-devel-linux-x86_64-fedora-gcc 1.1.0 69.96 NOTE
r-devel-windows-ix86+x86_64 1.1.0 33.00 69.00 102.00 NOTE
r-devel-windows-x86_64-gcc10-UCRT 1.1.0 NOTE
r-patched-linux-x86_64 1.1.0 9.01 48.32 57.33 NOTE
r-patched-solaris-x86 1.1.0 89.80 NOTE
r-release-linux-x86_64 1.1.0 7.38 46.74 54.12 NOTE
r-release-macos-x86_64 1.1.0 OK
r-release-windows-ix86+x86_64 1.1.0 13.00 54.00 67.00 OK
r-oldrel-macos-x86_64 1.1.0 OK
r-oldrel-windows-ix86+x86_64 1.1.0 12.00 67.00 79.00 OK

Check Details

Version: 1.1.0
Check: package dependencies
Result: NOTE
    Package suggested but not available for checking: 'DMwR'
Flavors: r-devel-linux-x86_64-debian-clang, r-devel-linux-x86_64-debian-gcc, r-devel-linux-x86_64-fedora-clang, r-devel-linux-x86_64-fedora-gcc, r-devel-windows-x86_64-gcc10-UCRT, r-patched-linux-x86_64, r-patched-solaris-x86, r-release-linux-x86_64

Version: 1.1.0
Check: LazyData
Result: NOTE
     'LazyData' is specified without a 'data' directory
Flavors: r-devel-linux-x86_64-debian-clang, r-devel-linux-x86_64-debian-gcc, r-devel-linux-x86_64-fedora-clang, r-devel-linux-x86_64-fedora-gcc, r-devel-windows-ix86+x86_64, r-devel-windows-x86_64-gcc10-UCRT, r-patched-linux-x86_64